{"id":531196,"date":"2022-01-05T06:17:54","date_gmt":"2022-01-05T12:17:54","guid":{"rendered":"https:\/\/www.diarioimagen.net\/wp-content\/uploads\/2022\/01\/izcalli-1.jpg"},"modified":"2022-01-05T06:18:00","modified_gmt":"2022-01-05T12:18:00","slug":"izcalli-40","status":"inherit","type":"attachment","link":"https:\/\/www.diarioimagen.net\/?attachment_id=531196","title":{"rendered":"izcalli"},"author":1,"featured_media":0,"comment_status":"open","ping_status":"closed","template":"","meta":{"_monsterinsights_skip_tracking":false,"_monsterinsights_sitenote_active":false,"_monsterinsights_sitenote_note":"","_monsterinsights_sitenote_category":0},"class_list":["post-531196","attachment","type-attachment","status-inherit","hentry"],"description":{"rendered":"<p class=\"attachment\"><a href='https:\/\/www.diarioimagen.net\/wp-content\/uploads\/2022\/01\/izcalli-1.jpg'><img loading=\"lazy\" decoding=\"async\" width=\"240\" height=\"141\" src=\"https:\/\/www.diarioimagen.net\/wp-content\/uploads\/2022\/01\/izcalli-1.jpg\" class=\"attachment-medium size-medium\" alt=\"\" \/><\/a><\/p>\n"},"caption":{"rendered":"<p>La administraci\u00f3n de Karla Leticia Fiesco mantendr\u00e1 los beneficios fiscales de 2021 para los grupos vulnerables y la poblaci\u00f3n en general, en el pago anual anticipado de predial.<\/p>\n"},"alt_text":"","media_type":"image","mime_type":"image\/jpeg","media_details":{"width":460,"height":270,"file":"2022\/01\/izcalli-1.jpg","sizes":{},"image_meta":{"aperture":"0","credit":"","camera":"","caption":"","created_timestamp":"0","copyright":"","focal_length":"0","iso":"0","shutter_speed":"0","title":"","orientation":"0","keywords":[]}},"post":531090,"source_url":"https:\/\/www.diarioimagen.net\/wp-content\/uploads\/2022\/01\/izcalli-1.jpg","_links":{"self":[{"href":"https:\/\/www.diarioimagen.net\/index.php?rest_route=\/wp\/v2\/media\/531196","targetHints":{"allow":["GET"]}}],"collection":[{"href":"https:\/\/www.diarioimagen.net\/index.php?rest_route=\/wp\/v2\/media"}],"about":[{"href":"https:\/\/www.diarioimagen.net\/index.php?rest_route=\/wp\/v2\/types\/attachment"}],"author":[{"embeddable":true,"href":"https:\/\/www.diarioimagen.net\/index.php?rest_route=\/wp\/v2\/users\/1"}],"replies":[{"embeddable":true,"href":"https:\/\/www.diarioimagen.net\/index.php?rest_route=%2Fwp%2Fv2%2Fcomments&post=531196"}]}}

<p>La administración de Karla Leticia Fiesco mantendrá los beneficios fiscales de 2021 para los grupos vulnerables y la población en general, en el pago anual anticipado de predial.</p>
