{"id":531607,"date":"2022-01-10T09:26:34","date_gmt":"2022-01-10T15:26:34","guid":{"rendered":"https:\/\/www.diarioimagen.net\/wp-content\/uploads\/2022\/01\/rodriguez.jpg"},"modified":"2022-01-10T09:27:07","modified_gmt":"2022-01-10T15:27:07","slug":"rodriguez","status":"inherit","type":"attachment","link":"https:\/\/www.diarioimagen.net\/?attachment_id=531607","title":{"rendered":"rodriguez"},"author":1,"featured_media":0,"comment_status":"open","ping_status":"closed","template":"","meta":{"_monsterinsights_skip_tracking":false,"_monsterinsights_sitenote_active":false,"_monsterinsights_sitenote_note":"","_monsterinsights_sitenote_category":0},"class_list":["post-531607","attachment","type-attachment","status-inherit","hentry"],"description":{"rendered":"<p class=\"attachment\"><a href='https:\/\/www.diarioimagen.net\/wp-content\/uploads\/2022\/01\/rodriguez.jpg'><img loading=\"lazy\" decoding=\"async\" width=\"240\" height=\"141\" src=\"https:\/\/www.diarioimagen.net\/wp-content\/uploads\/2022\/01\/rodriguez.jpg\" class=\"attachment-medium size-medium\" alt=\"\" \/><\/a><\/p>\n"},"caption":{"rendered":"<p>El edil Pedro Rodr\u00edguez Villegas encabez\u00f3 los trabajos de supervisi\u00f3n de log\u00edstica de la jornada de vacunaci\u00f3n contra Covid-19 para j\u00f3venes de 15 a 17 a\u00f1os, en Atizap\u00e1n.<\/p>\n"},"alt_text":"","media_type":"image","mime_type":"image\/jpeg","media_details":{"width":460,"height":270,"file":"2022\/01\/rodriguez.jpg","sizes":{},"image_meta":{"aperture":"0","credit":"","camera":"","caption":"","created_timestamp":"0","copyright":"","focal_length":"0","iso":"0","shutter_speed":"0","title":"","orientation":"0","keywords":[]}},"post":531529,"source_url":"https:\/\/www.diarioimagen.net\/wp-content\/uploads\/2022\/01\/rodriguez.jpg","_links":{"self":[{"href":"https:\/\/www.diarioimagen.net\/index.php?rest_route=\/wp\/v2\/media\/531607","targetHints":{"allow":["GET"]}}],"collection":[{"href":"https:\/\/www.diarioimagen.net\/index.php?rest_route=\/wp\/v2\/media"}],"about":[{"href":"https:\/\/www.diarioimagen.net\/index.php?rest_route=\/wp\/v2\/types\/attachment"}],"author":[{"embeddable":true,"href":"https:\/\/www.diarioimagen.net\/index.php?rest_route=\/wp\/v2\/users\/1"}],"replies":[{"embeddable":true,"href":"https:\/\/www.diarioimagen.net\/index.php?rest_route=%2Fwp%2Fv2%2Fcomments&post=531607"}]}}

<p>El edil Pedro Rodríguez Villegas encabezó los trabajos de supervisión de logística de la jornada de vacunación contra Covid-19 para jóvenes de 15 a 17 años, en Atizapán.</p>
