{"id":531694,"date":"2022-01-11T03:06:38","date_gmt":"2022-01-11T09:06:38","guid":{"rendered":"https:\/\/www.diarioimagen.net\/wp-content\/uploads\/2022\/01\/atizapan-3.jpg"},"modified":"2022-01-11T03:06:44","modified_gmt":"2022-01-11T09:06:44","slug":"atizapan-124","status":"inherit","type":"attachment","link":"https:\/\/www.diarioimagen.net\/?attachment_id=531694","title":{"rendered":"atizapan"},"author":1,"featured_media":0,"comment_status":"open","ping_status":"closed","template":"","meta":{"_monsterinsights_skip_tracking":false,"_monsterinsights_sitenote_active":false,"_monsterinsights_sitenote_note":"","_monsterinsights_sitenote_category":0},"class_list":["post-531694","attachment","type-attachment","status-inherit","hentry"],"description":{"rendered":"<p class=\"attachment\"><a href='https:\/\/www.diarioimagen.net\/wp-content\/uploads\/2022\/01\/atizapan-3.jpg'><img loading=\"lazy\" decoding=\"async\" width=\"240\" height=\"141\" src=\"https:\/\/www.diarioimagen.net\/wp-content\/uploads\/2022\/01\/atizapan-3.jpg\" class=\"attachment-medium size-medium\" alt=\"\" \/><\/a><\/p>\n"},"caption":{"rendered":"<p>Durante tres d\u00edas de la aplicaci\u00f3n de la vacuna contra Covid-19, se inocul\u00f3 a un total de 31 mil j\u00f3venes de 15 a 17 a\u00f1os que acudieron a las sedes ubicadas en Atizap\u00e1n.<\/p>\n"},"alt_text":"","media_type":"image","mime_type":"image\/jpeg","media_details":{"width":460,"height":270,"file":"2022\/01\/atizapan-3.jpg","sizes":{},"image_meta":{"aperture":"0","credit":"","camera":"","caption":"","created_timestamp":"0","copyright":"","focal_length":"0","iso":"0","shutter_speed":"0","title":"","orientation":"0","keywords":[]}},"post":531644,"source_url":"https:\/\/www.diarioimagen.net\/wp-content\/uploads\/2022\/01\/atizapan-3.jpg","_links":{"self":[{"href":"https:\/\/www.diarioimagen.net\/index.php?rest_route=\/wp\/v2\/media\/531694","targetHints":{"allow":["GET"]}}],"collection":[{"href":"https:\/\/www.diarioimagen.net\/index.php?rest_route=\/wp\/v2\/media"}],"about":[{"href":"https:\/\/www.diarioimagen.net\/index.php?rest_route=\/wp\/v2\/types\/attachment"}],"author":[{"embeddable":true,"href":"https:\/\/www.diarioimagen.net\/index.php?rest_route=\/wp\/v2\/users\/1"}],"replies":[{"embeddable":true,"href":"https:\/\/www.diarioimagen.net\/index.php?rest_route=%2Fwp%2Fv2%2Fcomments&post=531694"}]}}

<p>Durante tres días de la aplicación de la vacuna contra Covid-19, se inoculó a un total de 31 mil jóvenes de 15 a 17 años que acudieron a las sedes ubicadas en Atizapán.</p>
