{"id":532000,"date":"2022-01-13T02:41:25","date_gmt":"2022-01-13T08:41:25","guid":{"rendered":"https:\/\/www.diarioimagen.net\/wp-content\/uploads\/2022\/01\/atizapan-5.jpg"},"modified":"2022-01-13T02:41:32","modified_gmt":"2022-01-13T08:41:32","slug":"atizapan-126","status":"inherit","type":"attachment","link":"https:\/\/www.diarioimagen.net\/?attachment_id=532000","title":{"rendered":"atizapan"},"author":1,"featured_media":0,"comment_status":"open","ping_status":"closed","template":"","meta":{"_monsterinsights_skip_tracking":false,"_monsterinsights_sitenote_active":false,"_monsterinsights_sitenote_note":"","_monsterinsights_sitenote_category":0},"class_list":["post-532000","attachment","type-attachment","status-inherit","hentry"],"description":{"rendered":"<p class=\"attachment\"><a href='https:\/\/www.diarioimagen.net\/wp-content\/uploads\/2022\/01\/atizapan-5.jpg'><img loading=\"lazy\" decoding=\"async\" width=\"240\" height=\"160\" src=\"https:\/\/www.diarioimagen.net\/wp-content\/uploads\/2022\/01\/atizapan-5.jpg\" class=\"attachment-medium size-medium\" alt=\"\" \/><\/a><\/p>\n"},"caption":{"rendered":"<p>Pedro Rodr\u00edguez Villegas, hizo un llamado a los servidores p\u00fablicos del Ayuntamiento a desempa\u00f1arse en sus labores de forma profesional, \u00e9tica\u00a0 y cercana con la ciudadan\u00eda.<\/p>\n"},"alt_text":"","media_type":"image","mime_type":"image\/jpeg","media_details":{"width":460,"height":307,"file":"2022\/01\/atizapan-5.jpg","sizes":{},"image_meta":{"aperture":"0","credit":"","camera":"","caption":"","created_timestamp":"0","copyright":"","focal_length":"0","iso":"0","shutter_speed":"0","title":"","orientation":"0","keywords":[]}},"post":531879,"source_url":"https:\/\/www.diarioimagen.net\/wp-content\/uploads\/2022\/01\/atizapan-5.jpg","_links":{"self":[{"href":"https:\/\/www.diarioimagen.net\/index.php?rest_route=\/wp\/v2\/media\/532000","targetHints":{"allow":["GET"]}}],"collection":[{"href":"https:\/\/www.diarioimagen.net\/index.php?rest_route=\/wp\/v2\/media"}],"about":[{"href":"https:\/\/www.diarioimagen.net\/index.php?rest_route=\/wp\/v2\/types\/attachment"}],"author":[{"embeddable":true,"href":"https:\/\/www.diarioimagen.net\/index.php?rest_route=\/wp\/v2\/users\/1"}],"replies":[{"embeddable":true,"href":"https:\/\/www.diarioimagen.net\/index.php?rest_route=%2Fwp%2Fv2%2Fcomments&post=532000"}]}}

<p>Pedro Rodríguez Villegas, hizo un llamado a los servidores públicos del Ayuntamiento a desempañarse en sus labores de forma profesional, ética  y cercana con la ciudadanía.</p>
