{"id":534080,"date":"2022-01-28T05:14:14","date_gmt":"2022-01-28T11:14:14","guid":{"rendered":"https:\/\/www.diarioimagen.net\/wp-content\/uploads\/2022\/01\/atizapan-15.jpg"},"modified":"2022-01-28T05:14:20","modified_gmt":"2022-01-28T11:14:20","slug":"atizapan-136","status":"inherit","type":"attachment","link":"https:\/\/www.diarioimagen.net\/?attachment_id=534080","title":{"rendered":"atizapan"},"author":1,"featured_media":0,"comment_status":"open","ping_status":"closed","template":"","meta":{"_monsterinsights_skip_tracking":false,"_monsterinsights_sitenote_active":false,"_monsterinsights_sitenote_note":"","_monsterinsights_sitenote_category":0},"class_list":["post-534080","attachment","type-attachment","status-inherit","hentry"],"description":{"rendered":"<p class=\"attachment\"><a href='https:\/\/www.diarioimagen.net\/wp-content\/uploads\/2022\/01\/atizapan-15.jpg'><img loading=\"lazy\" decoding=\"async\" width=\"240\" height=\"141\" src=\"https:\/\/www.diarioimagen.net\/wp-content\/uploads\/2022\/01\/atizapan-15.jpg\" class=\"attachment-medium size-medium\" alt=\"\" \/><\/a><\/p>\n"},"caption":{"rendered":"<p>El Presidente Municipal de Atizap\u00e1n, Pedro Rodr\u00edguez Villegas, anunci\u00f3 la creaci\u00f3n de la Oficina de Presidencia para la Gesti\u00f3n y Atenci\u00f3n del Inter\u00e9s Superior de la Ni\u00f1ez.<\/p>\n"},"alt_text":"","media_type":"image","mime_type":"image\/jpeg","media_details":{"width":460,"height":270,"file":"2022\/01\/atizapan-15.jpg","sizes":{},"image_meta":{"aperture":"0","credit":"","camera":"","caption":"","created_timestamp":"0","copyright":"","focal_length":"0","iso":"0","shutter_speed":"0","title":"","orientation":"0","keywords":[]}},"post":533960,"source_url":"https:\/\/www.diarioimagen.net\/wp-content\/uploads\/2022\/01\/atizapan-15.jpg","_links":{"self":[{"href":"https:\/\/www.diarioimagen.net\/index.php?rest_route=\/wp\/v2\/media\/534080","targetHints":{"allow":["GET"]}}],"collection":[{"href":"https:\/\/www.diarioimagen.net\/index.php?rest_route=\/wp\/v2\/media"}],"about":[{"href":"https:\/\/www.diarioimagen.net\/index.php?rest_route=\/wp\/v2\/types\/attachment"}],"author":[{"embeddable":true,"href":"https:\/\/www.diarioimagen.net\/index.php?rest_route=\/wp\/v2\/users\/1"}],"replies":[{"embeddable":true,"href":"https:\/\/www.diarioimagen.net\/index.php?rest_route=%2Fwp%2Fv2%2Fcomments&post=534080"}]}}

<p>El Presidente Municipal de Atizapán, Pedro Rodríguez Villegas, anunció la creación de la Oficina de Presidencia para la Gestión y Atención del Interés Superior de la Niñez.</p>
