{"id":535426,"date":"2022-02-09T05:31:42","date_gmt":"2022-02-09T11:31:42","guid":{"rendered":"https:\/\/www.diarioimagen.net\/wp-content\/uploads\/2022\/02\/david-parra.jpg"},"modified":"2022-02-09T05:31:50","modified_gmt":"2022-02-09T11:31:50","slug":"david-parra-7","status":"inherit","type":"attachment","link":"https:\/\/www.diarioimagen.net\/?attachment_id=535426","title":{"rendered":"david-parra"},"author":1,"featured_media":0,"comment_status":"open","ping_status":"closed","template":"","meta":{"_monsterinsights_skip_tracking":false,"_monsterinsights_sitenote_active":false,"_monsterinsights_sitenote_note":"","_monsterinsights_sitenote_category":0},"class_list":["post-535426","attachment","type-attachment","status-inherit","hentry"],"description":{"rendered":"<p class=\"attachment\"><a href='https:\/\/www.diarioimagen.net\/wp-content\/uploads\/2022\/02\/david-parra.jpg'><img loading=\"lazy\" decoding=\"async\" width=\"240\" height=\"141\" src=\"https:\/\/www.diarioimagen.net\/wp-content\/uploads\/2022\/02\/david-parra.jpg\" class=\"attachment-medium size-medium\" alt=\"\" \/><\/a><\/p>\n"},"caption":{"rendered":"<p>El diputado local, David Parra S\u00e1nchez asisti\u00f3 hace unos d\u00edas como invitado de honor, a la graduaci\u00f3n de 26 elementos pertenecientes a la Direcci\u00f3n de Seguridad P\u00fablica de Naucalpan.<\/p>\n"},"alt_text":"","media_type":"image","mime_type":"image\/jpeg","media_details":{"width":460,"height":270,"file":"2022\/02\/david-parra.jpg","sizes":{},"image_meta":{"aperture":"0","credit":"","camera":"","caption":"","created_timestamp":"0","copyright":"","focal_length":"0","iso":"0","shutter_speed":"0","title":"","orientation":"0","keywords":[]}},"post":535311,"source_url":"https:\/\/www.diarioimagen.net\/wp-content\/uploads\/2022\/02\/david-parra.jpg","_links":{"self":[{"href":"https:\/\/www.diarioimagen.net\/index.php?rest_route=\/wp\/v2\/media\/535426","targetHints":{"allow":["GET"]}}],"collection":[{"href":"https:\/\/www.diarioimagen.net\/index.php?rest_route=\/wp\/v2\/media"}],"about":[{"href":"https:\/\/www.diarioimagen.net\/index.php?rest_route=\/wp\/v2\/types\/attachment"}],"author":[{"embeddable":true,"href":"https:\/\/www.diarioimagen.net\/index.php?rest_route=\/wp\/v2\/users\/1"}],"replies":[{"embeddable":true,"href":"https:\/\/www.diarioimagen.net\/index.php?rest_route=%2Fwp%2Fv2%2Fcomments&post=535426"}]}}

<p>El diputado local, David Parra Sánchez asistió hace unos días como invitado de honor, a la graduación de 26 elementos pertenecientes a la Dirección de Seguridad Pública de Naucalpan.</p>
