{"id":535723,"date":"2022-02-11T04:05:59","date_gmt":"2022-02-11T10:05:59","guid":{"rendered":"https:\/\/www.diarioimagen.net\/wp-content\/uploads\/2022\/02\/uaem-7.jpg"},"modified":"2022-02-11T04:06:07","modified_gmt":"2022-02-11T10:06:07","slug":"uaem-365","status":"inherit","type":"attachment","link":"https:\/\/www.diarioimagen.net\/?attachment_id=535723","title":{"rendered":"uaem"},"author":1,"featured_media":0,"comment_status":"open","ping_status":"closed","template":"","meta":{"_monsterinsights_skip_tracking":false,"_monsterinsights_sitenote_active":false,"_monsterinsights_sitenote_note":"","_monsterinsights_sitenote_category":0},"class_list":["post-535723","attachment","type-attachment","status-inherit","hentry"],"description":{"rendered":"<p class=\"attachment\"><a href='https:\/\/www.diarioimagen.net\/wp-content\/uploads\/2022\/02\/uaem-7.jpg'><img loading=\"lazy\" decoding=\"async\" width=\"240\" height=\"141\" src=\"https:\/\/www.diarioimagen.net\/wp-content\/uploads\/2022\/02\/uaem-7.jpg\" class=\"attachment-medium size-medium\" alt=\"\" \/><\/a><\/p>\n"},"caption":{"rendered":"<p>El senador de la Rep\u00fablica, Ricardo Monreal \u00c1vila; la secretaria de Cultura y Turismo estatal, Marcela Gonz\u00e1lez Salas; la secretaria de Difusi\u00f3n Cultural de la UAEM\u00e9x, Mar\u00eda de la Mercedes Portilla Luja y la directora general de Patrimonio y Servicios Culturales del gobierno estatal, Ivette Tinoco Garc\u00eda, inauguraron la exposici\u00f3n.<\/p>\n"},"alt_text":"","media_type":"image","mime_type":"image\/jpeg","media_details":{"width":460,"height":270,"file":"2022\/02\/uaem-7.jpg","sizes":{},"image_meta":{"aperture":"0","credit":"","camera":"","caption":"","created_timestamp":"0","copyright":"","focal_length":"0","iso":"0","shutter_speed":"0","title":"","orientation":"0","keywords":[]}},"post":535636,"source_url":"https:\/\/www.diarioimagen.net\/wp-content\/uploads\/2022\/02\/uaem-7.jpg","_links":{"self":[{"href":"https:\/\/www.diarioimagen.net\/index.php?rest_route=\/wp\/v2\/media\/535723","targetHints":{"allow":["GET"]}}],"collection":[{"href":"https:\/\/www.diarioimagen.net\/index.php?rest_route=\/wp\/v2\/media"}],"about":[{"href":"https:\/\/www.diarioimagen.net\/index.php?rest_route=\/wp\/v2\/types\/attachment"}],"author":[{"embeddable":true,"href":"https:\/\/www.diarioimagen.net\/index.php?rest_route=\/wp\/v2\/users\/1"}],"replies":[{"embeddable":true,"href":"https:\/\/www.diarioimagen.net\/index.php?rest_route=%2Fwp%2Fv2%2Fcomments&post=535723"}]}}

<p>El senador de la República, Ricardo Monreal Ávila; la secretaria de Cultura y Turismo estatal, Marcela González Salas; la secretaria de Difusión Cultural de la UAEMéx, María de la Mercedes Portilla Luja y la directora general de Patrimonio y Servicios Culturales del gobierno estatal, Ivette Tinoco García, inauguraron la exposición.</p>
