{"id":537446,"date":"2022-02-28T05:07:00","date_gmt":"2022-02-28T11:07:00","guid":{"rendered":"https:\/\/www.diarioimagen.net\/wp-content\/uploads\/2022\/02\/coldplay.jpg"},"modified":"2022-02-28T05:07:16","modified_gmt":"2022-02-28T11:07:16","slug":"coldplay","status":"inherit","type":"attachment","link":"https:\/\/www.diarioimagen.net\/?attachment_id=537446","title":{"rendered":"coldplay"},"author":1,"featured_media":0,"comment_status":"open","ping_status":"closed","template":"","meta":{"_monsterinsights_skip_tracking":false,"_monsterinsights_sitenote_active":false,"_monsterinsights_sitenote_note":"","_monsterinsights_sitenote_category":0},"class_list":["post-537446","attachment","type-attachment","status-inherit","hentry"],"description":{"rendered":"<p class=\"attachment\"><a href='https:\/\/www.diarioimagen.net\/wp-content\/uploads\/2022\/02\/coldplay.jpg'><img loading=\"lazy\" decoding=\"async\" width=\"240\" height=\"166\" src=\"https:\/\/www.diarioimagen.net\/wp-content\/uploads\/2022\/02\/coldplay.jpg\" class=\"attachment-medium size-medium\" alt=\"\" \/><\/a><\/p>\n"},"caption":{"rendered":"<p>A los conciertos ya programados el 3 y 4 de abril en las instalaciones del Foro Sol de la Ciudad de M\u00e9xico se suma el del d\u00eda 6 de abril; la segunda fecha confirmada por Ocesa es para el pr\u00f3ximo 30 de marzo en el Estadio Akron, en Guadalajara, lo que significa que en la ciudad la banda ofrecer\u00e1 dos espect\u00e1culos, el primero con cita para el 29 de marzo.<\/p>\n"},"alt_text":"","media_type":"image","mime_type":"image\/jpeg","media_details":{"width":460,"height":318,"file":"2022\/02\/coldplay.jpg","sizes":{},"image_meta":{"aperture":"0","credit":"","camera":"","caption":"","created_timestamp":"0","copyright":"","focal_length":"0","iso":"0","shutter_speed":"0","title":"","orientation":"0","keywords":[]}},"post":537363,"source_url":"https:\/\/www.diarioimagen.net\/wp-content\/uploads\/2022\/02\/coldplay.jpg","_links":{"self":[{"href":"https:\/\/www.diarioimagen.net\/index.php?rest_route=\/wp\/v2\/media\/537446","targetHints":{"allow":["GET"]}}],"collection":[{"href":"https:\/\/www.diarioimagen.net\/index.php?rest_route=\/wp\/v2\/media"}],"about":[{"href":"https:\/\/www.diarioimagen.net\/index.php?rest_route=\/wp\/v2\/types\/attachment"}],"author":[{"embeddable":true,"href":"https:\/\/www.diarioimagen.net\/index.php?rest_route=\/wp\/v2\/users\/1"}],"replies":[{"embeddable":true,"href":"https:\/\/www.diarioimagen.net\/index.php?rest_route=%2Fwp%2Fv2%2Fcomments&post=537446"}]}}

<p>A los conciertos ya programados el 3 y 4 de abril en las instalaciones del Foro Sol de la Ciudad de México se suma el del día 6 de abril; la segunda fecha confirmada por Ocesa es para el próximo 30 de marzo en el Estadio Akron, en Guadalajara, lo que significa que en la ciudad la banda ofrecerá dos espectáculos, el primero con cita para el 29 de marzo.</p>
