{"id":539371,"date":"2022-03-14T03:12:27","date_gmt":"2022-03-14T09:12:27","guid":{"rendered":"https:\/\/www.diarioimagen.net\/wp-content\/uploads\/2022\/03\/la-arrolladora.jpg"},"modified":"2022-03-14T03:12:32","modified_gmt":"2022-03-14T09:12:32","slug":"la-arrolladora","status":"inherit","type":"attachment","link":"https:\/\/www.diarioimagen.net\/?attachment_id=539371","title":{"rendered":"la-arrolladora"},"author":1,"featured_media":0,"comment_status":"open","ping_status":"closed","template":"","meta":{"_monsterinsights_skip_tracking":false},"class_list":["post-539371","attachment","type-attachment","status-inherit","hentry"],"description":{"rendered":"<p class=\"attachment\"><a href='https:\/\/www.diarioimagen.net\/wp-content\/uploads\/2022\/03\/la-arrolladora.jpg'><img loading=\"lazy\" decoding=\"async\" width=\"240\" height=\"161\" src=\"https:\/\/www.diarioimagen.net\/wp-content\/uploads\/2022\/03\/la-arrolladora.jpg\" class=\"attachment-medium size-medium\" alt=\"\" \/><\/a><\/p>\n"},"caption":{"rendered":"<p>\u201cLo mejor que hay en mi vida\u201d est\u00e1 acompa\u00f1ado de un video oficial donde la banda comparte momentos de esparcimiento sin olvidar que, al final del d\u00eda, lo que m\u00e1s importa es ese ser que nos ama y nos ilumina la vida.<\/p>\n"},"alt_text":"","media_type":"image","mime_type":"image\/jpeg","media_details":{"width":460,"height":308,"file":"2022\/03\/la-arrolladora.jpg","sizes":{},"image_meta":{"aperture":"0","credit":"","camera":"","caption":"","created_timestamp":"0","copyright":"","focal_length":"0","iso":"0","shutter_speed":"0","title":"","orientation":"0","keywords":[]}},"post":539262,"source_url":"https:\/\/www.diarioimagen.net\/wp-content\/uploads\/2022\/03\/la-arrolladora.jpg","_links":{"self":[{"href":"https:\/\/www.diarioimagen.net\/index.php?rest_route=\/wp\/v2\/media\/539371","targetHints":{"allow":["GET"]}}],"collection":[{"href":"https:\/\/www.diarioimagen.net\/index.php?rest_route=\/wp\/v2\/media"}],"about":[{"href":"https:\/\/www.diarioimagen.net\/index.php?rest_route=\/wp\/v2\/types\/attachment"}],"author":[{"embeddable":true,"href":"https:\/\/www.diarioimagen.net\/index.php?rest_route=\/wp\/v2\/users\/1"}],"replies":[{"embeddable":true,"href":"https:\/\/www.diarioimagen.net\/index.php?rest_route=%2Fwp%2Fv2%2Fcomments&post=539371"}]}}

<p>“Lo mejor que hay en mi vida” está acompañado de un video oficial donde la banda comparte momentos de esparcimiento sin olvidar que, al final del día, lo que más importa es ese ser que nos ama y nos ilumina la vida.</p>
