{"id":541679,"date":"2022-04-01T05:03:25","date_gmt":"2022-04-01T11:03:25","guid":{"rendered":"https:\/\/www.diarioimagen.net\/wp-content\/uploads\/2022\/04\/huixquilucan.jpg"},"modified":"2022-04-01T05:03:38","modified_gmt":"2022-04-01T11:03:38","slug":"huixquilucan-289","status":"inherit","type":"attachment","link":"https:\/\/www.diarioimagen.net\/?attachment_id=541679","title":{"rendered":"huixquilucan"},"author":1,"featured_media":0,"comment_status":"open","ping_status":"closed","template":"","meta":{"_monsterinsights_skip_tracking":false,"_monsterinsights_sitenote_active":false,"_monsterinsights_sitenote_note":"","_monsterinsights_sitenote_category":0},"class_list":["post-541679","attachment","type-attachment","status-inherit","hentry"],"description":{"rendered":"<p class=\"attachment\"><a href='https:\/\/www.diarioimagen.net\/wp-content\/uploads\/2022\/04\/huixquilucan.jpg'><img loading=\"lazy\" decoding=\"async\" width=\"240\" height=\"141\" src=\"https:\/\/www.diarioimagen.net\/wp-content\/uploads\/2022\/04\/huixquilucan.jpg\" class=\"attachment-medium size-medium\" alt=\"\" \/><\/a><\/p>\n"},"caption":{"rendered":"<p>El diputado federal Jorge Inzunza Armas, se\u00f1al\u00f3 que M\u00e9xico es el \u00fanico pa\u00eds de la OCDE donde los empresarios no tuvieron apoyo para proteger el empleo.<\/p>\n"},"alt_text":"","media_type":"image","mime_type":"image\/jpeg","media_details":{"width":460,"height":270,"file":"2022\/04\/huixquilucan.jpg","sizes":{},"image_meta":{"aperture":"0","credit":"","camera":"","caption":"","created_timestamp":"0","copyright":"","focal_length":"0","iso":"0","shutter_speed":"0","title":"","orientation":"0","keywords":[]}},"post":541591,"source_url":"https:\/\/www.diarioimagen.net\/wp-content\/uploads\/2022\/04\/huixquilucan.jpg","_links":{"self":[{"href":"https:\/\/www.diarioimagen.net\/index.php?rest_route=\/wp\/v2\/media\/541679","targetHints":{"allow":["GET"]}}],"collection":[{"href":"https:\/\/www.diarioimagen.net\/index.php?rest_route=\/wp\/v2\/media"}],"about":[{"href":"https:\/\/www.diarioimagen.net\/index.php?rest_route=\/wp\/v2\/types\/attachment"}],"author":[{"embeddable":true,"href":"https:\/\/www.diarioimagen.net\/index.php?rest_route=\/wp\/v2\/users\/1"}],"replies":[{"embeddable":true,"href":"https:\/\/www.diarioimagen.net\/index.php?rest_route=%2Fwp%2Fv2%2Fcomments&post=541679"}]}}

<p>El diputado federal Jorge Inzunza Armas, señaló que México es el único país de la OCDE donde los empresarios no tuvieron apoyo para proteger el empleo.</p>
