{"id":541861,"date":"2022-04-04T05:05:04","date_gmt":"2022-04-04T10:05:04","guid":{"rendered":"https:\/\/www.diarioimagen.net\/wp-content\/uploads\/2022\/04\/COFEPRIS-VACUNA-NINOS.jpg"},"modified":"2022-04-04T05:05:10","modified_gmt":"2022-04-04T10:05:10","slug":"cofepris-vacuna-ninos","status":"inherit","type":"attachment","link":"https:\/\/www.diarioimagen.net\/?attachment_id=541861","title":{"rendered":"COFEPRIS-VACUNA-NI\u00d1OS"},"author":1,"featured_media":0,"comment_status":"open","ping_status":"closed","template":"","meta":{"_monsterinsights_skip_tracking":false,"_monsterinsights_sitenote_active":false,"_monsterinsights_sitenote_note":"","_monsterinsights_sitenote_category":0},"class_list":["post-541861","attachment","type-attachment","status-inherit","hentry"],"description":{"rendered":"<p class=\"attachment\"><a href='https:\/\/www.diarioimagen.net\/wp-content\/uploads\/2022\/04\/COFEPRIS-VACUNA-NINOS.jpg'><img loading=\"lazy\" decoding=\"async\" width=\"240\" height=\"141\" src=\"https:\/\/www.diarioimagen.net\/wp-content\/uploads\/2022\/04\/COFEPRIS-VACUNA-NINOS.jpg\" class=\"attachment-medium size-medium\" alt=\"\" \/><\/a><\/p>\n"},"caption":{"rendered":"<p>La Cofepris autoriz\u00f3 el uso de emergencia de la vacuna anti-Covid para ni\u00f1os de 5 a\u00f1os en adelante, desde el pasado 3 de marzo, pero esto no se dio a conocer p\u00fablicamente.<\/p>\n"},"alt_text":"","media_type":"image","mime_type":"image\/jpeg","media_details":{"width":460,"height":270,"file":"2022\/04\/COFEPRIS-VACUNA-NINOS.jpg","sizes":{},"image_meta":{"aperture":"0","credit":"","camera":"","caption":"","created_timestamp":"0","copyright":"","focal_length":"0","iso":"0","shutter_speed":"0","title":"","orientation":"0","keywords":[]}},"post":541769,"source_url":"https:\/\/www.diarioimagen.net\/wp-content\/uploads\/2022\/04\/COFEPRIS-VACUNA-NINOS.jpg","_links":{"self":[{"href":"https:\/\/www.diarioimagen.net\/index.php?rest_route=\/wp\/v2\/media\/541861","targetHints":{"allow":["GET"]}}],"collection":[{"href":"https:\/\/www.diarioimagen.net\/index.php?rest_route=\/wp\/v2\/media"}],"about":[{"href":"https:\/\/www.diarioimagen.net\/index.php?rest_route=\/wp\/v2\/types\/attachment"}],"author":[{"embeddable":true,"href":"https:\/\/www.diarioimagen.net\/index.php?rest_route=\/wp\/v2\/users\/1"}],"replies":[{"embeddable":true,"href":"https:\/\/www.diarioimagen.net\/index.php?rest_route=%2Fwp%2Fv2%2Fcomments&post=541861"}]}}

COFEPRIS-VACUNA-NIÑOS

<p>La Cofepris autorizó el uso de emergencia de la vacuna anti-Covid para niños de 5 años en adelante, desde el pasado 3 de marzo, pero esto no se dio a conocer públicamente.</p>
