{"id":542684,"date":"2022-04-11T01:13:58","date_gmt":"2022-04-11T06:13:58","guid":{"rendered":"https:\/\/www.diarioimagen.net\/wp-content\/uploads\/2022\/04\/todos-los-peces-de-la-tierra-1.jpg"},"modified":"2022-04-11T01:14:07","modified_gmt":"2022-04-11T06:14:07","slug":"todos-los-peces-de-la-tierra-1-2","status":"inherit","type":"attachment","link":"https:\/\/www.diarioimagen.net\/?attachment_id=542684","title":{"rendered":"todos-los-peces-de-la-tierra-1"},"author":1,"featured_media":0,"comment_status":"open","ping_status":"closed","template":"","meta":{"_monsterinsights_skip_tracking":false,"_monsterinsights_sitenote_active":false,"_monsterinsights_sitenote_note":"","_monsterinsights_sitenote_category":0},"class_list":["post-542684","attachment","type-attachment","status-inherit","hentry"],"description":{"rendered":"<p class=\"attachment\"><a href='https:\/\/www.diarioimagen.net\/wp-content\/uploads\/2022\/04\/todos-los-peces-de-la-tierra-1.jpg'><img loading=\"lazy\" decoding=\"async\" width=\"240\" height=\"240\" src=\"https:\/\/www.diarioimagen.net\/wp-content\/uploads\/2022\/04\/todos-los-peces-de-la-tierra-1.jpg\" class=\"attachment-medium size-medium\" alt=\"\" \/><\/a><\/p>\n"},"caption":{"rendered":"<p>Alejandra Mor\u00f3n, Gloria Carpio, Nancy M\u00e9ndez, Nora Mar\u00edn, Sara\u00ed Campech y Sughey Ba\u00f1os engalanaron la noche con su presencia y brindaron peque\u00f1os discursos llenos de empat\u00eda y halagos para las actrices, la obra y las personas que han sufrido alguna p\u00e9rdida dif\u00edcil de superar.<\/p>\n"},"alt_text":"","media_type":"image","mime_type":"image\/jpeg","media_details":{"width":460,"height":460,"file":"2022\/04\/todos-los-peces-de-la-tierra-1.jpg","sizes":{},"image_meta":{"aperture":"0","credit":"","camera":"","caption":"","created_timestamp":"0","copyright":"","focal_length":"0","iso":"0","shutter_speed":"0","title":"","orientation":"0","keywords":[]}},"post":542573,"source_url":"https:\/\/www.diarioimagen.net\/wp-content\/uploads\/2022\/04\/todos-los-peces-de-la-tierra-1.jpg","_links":{"self":[{"href":"https:\/\/www.diarioimagen.net\/index.php?rest_route=\/wp\/v2\/media\/542684","targetHints":{"allow":["GET"]}}],"collection":[{"href":"https:\/\/www.diarioimagen.net\/index.php?rest_route=\/wp\/v2\/media"}],"about":[{"href":"https:\/\/www.diarioimagen.net\/index.php?rest_route=\/wp\/v2\/types\/attachment"}],"author":[{"embeddable":true,"href":"https:\/\/www.diarioimagen.net\/index.php?rest_route=\/wp\/v2\/users\/1"}],"replies":[{"embeddable":true,"href":"https:\/\/www.diarioimagen.net\/index.php?rest_route=%2Fwp%2Fv2%2Fcomments&post=542684"}]}}

<p>Alejandra Morón, Gloria Carpio, Nancy Méndez, Nora Marín, Saraí Campech y Sughey Baños engalanaron la noche con su presencia y brindaron pequeños discursos llenos de empatía y halagos para las actrices, la obra y las personas que han sufrido alguna pérdida difícil de superar.</p>
