{"id":543090,"date":"2022-04-14T02:55:10","date_gmt":"2022-04-14T07:55:10","guid":{"rendered":"https:\/\/www.diarioimagen.net\/wp-content\/uploads\/2022\/04\/RESCATE-DE-MIGRANTES.jpg"},"modified":"2022-04-14T02:56:28","modified_gmt":"2022-04-14T07:56:28","slug":"rescate-de-migrantes","status":"inherit","type":"attachment","link":"https:\/\/www.diarioimagen.net\/?attachment_id=543090","title":{"rendered":"RESCATE-DE-MIGRANTES"},"author":1,"featured_media":0,"comment_status":"open","ping_status":"closed","template":"","meta":{"_monsterinsights_skip_tracking":false,"_monsterinsights_sitenote_active":false,"_monsterinsights_sitenote_note":"","_monsterinsights_sitenote_category":0},"class_list":["post-543090","attachment","type-attachment","status-inherit","hentry"],"description":{"rendered":"<p class=\"attachment\"><a href='https:\/\/www.diarioimagen.net\/wp-content\/uploads\/2022\/04\/RESCATE-DE-MIGRANTES.jpg'><img loading=\"lazy\" decoding=\"async\" width=\"184\" height=\"240\" src=\"https:\/\/www.diarioimagen.net\/wp-content\/uploads\/2022\/04\/RESCATE-DE-MIGRANTES.jpg\" class=\"attachment-medium size-medium\" alt=\"\" \/><\/a><\/p>\n"},"caption":{"rendered":"<p>La polic\u00eda de San Luis Potos\u00ed rescat\u00f3 a 130 migrantes que viajaban dentro de la caja de un tr\u00e1iler.<\/p>\n"},"alt_text":"","media_type":"image","mime_type":"image\/jpeg","media_details":{"width":460,"height":601,"file":"2022\/04\/RESCATE-DE-MIGRANTES.jpg","sizes":{},"image_meta":{"aperture":"0","credit":"","camera":"","caption":"","created_timestamp":"0","copyright":"","focal_length":"0","iso":"0","shutter_speed":"0","title":"","orientation":"0","keywords":[]}},"post":543025,"source_url":"https:\/\/www.diarioimagen.net\/wp-content\/uploads\/2022\/04\/RESCATE-DE-MIGRANTES.jpg","_links":{"self":[{"href":"https:\/\/www.diarioimagen.net\/index.php?rest_route=\/wp\/v2\/media\/543090","targetHints":{"allow":["GET"]}}],"collection":[{"href":"https:\/\/www.diarioimagen.net\/index.php?rest_route=\/wp\/v2\/media"}],"about":[{"href":"https:\/\/www.diarioimagen.net\/index.php?rest_route=\/wp\/v2\/types\/attachment"}],"author":[{"embeddable":true,"href":"https:\/\/www.diarioimagen.net\/index.php?rest_route=\/wp\/v2\/users\/1"}],"replies":[{"embeddable":true,"href":"https:\/\/www.diarioimagen.net\/index.php?rest_route=%2Fwp%2Fv2%2Fcomments&post=543090"}]}}

<p>La policía de San Luis Potosí rescató a 130 migrantes que viajaban dentro de la caja de un tráiler.</p>
