{"id":543116,"date":"2022-04-14T03:05:06","date_gmt":"2022-04-14T08:05:06","guid":{"rendered":"https:\/\/www.diarioimagen.net\/wp-content\/uploads\/2022\/04\/IMPUNIDAD-EN-MEXICO.jpg"},"modified":"2022-04-14T03:05:11","modified_gmt":"2022-04-14T08:05:11","slug":"impunidad-en-mexico","status":"inherit","type":"attachment","link":"https:\/\/www.diarioimagen.net\/?attachment_id=543116","title":{"rendered":"IMPUNIDAD-EN-MEXICO"},"author":1,"featured_media":0,"comment_status":"open","ping_status":"closed","template":"","meta":{"_monsterinsights_skip_tracking":false,"_monsterinsights_sitenote_active":false,"_monsterinsights_sitenote_note":"","_monsterinsights_sitenote_category":0},"class_list":["post-543116","attachment","type-attachment","status-inherit","hentry"],"description":{"rendered":"<p class=\"attachment\"><a href='https:\/\/www.diarioimagen.net\/wp-content\/uploads\/2022\/04\/IMPUNIDAD-EN-MEXICO.jpg'><img loading=\"lazy\" decoding=\"async\" width=\"240\" height=\"141\" src=\"https:\/\/www.diarioimagen.net\/wp-content\/uploads\/2022\/04\/IMPUNIDAD-EN-MEXICO.jpg\" class=\"attachment-medium size-medium\" alt=\"\" \/><\/a><\/p>\n"},"caption":{"rendered":"<p>El informe se\u00f1al\u00f3 que a lo largo y ancho de Am\u00e9rica Latina hay altos niveles de impunidad, como en M\u00e9xico, donde \u201cla gran mayor\u00eda de cr\u00edmenes\u201d no se investigan.<\/p>\n"},"alt_text":"","media_type":"image","mime_type":"image\/jpeg","media_details":{"width":460,"height":270,"file":"2022\/04\/IMPUNIDAD-EN-MEXICO.jpg","sizes":{},"image_meta":{"aperture":"0","credit":"","camera":"","caption":"","created_timestamp":"0","copyright":"Margarito P\u00e9rez @Cuartoscuro","focal_length":"0","iso":"0","shutter_speed":"0","title":"","orientation":"0","keywords":[]}},"post":543062,"source_url":"https:\/\/www.diarioimagen.net\/wp-content\/uploads\/2022\/04\/IMPUNIDAD-EN-MEXICO.jpg","_links":{"self":[{"href":"https:\/\/www.diarioimagen.net\/index.php?rest_route=\/wp\/v2\/media\/543116","targetHints":{"allow":["GET"]}}],"collection":[{"href":"https:\/\/www.diarioimagen.net\/index.php?rest_route=\/wp\/v2\/media"}],"about":[{"href":"https:\/\/www.diarioimagen.net\/index.php?rest_route=\/wp\/v2\/types\/attachment"}],"author":[{"embeddable":true,"href":"https:\/\/www.diarioimagen.net\/index.php?rest_route=\/wp\/v2\/users\/1"}],"replies":[{"embeddable":true,"href":"https:\/\/www.diarioimagen.net\/index.php?rest_route=%2Fwp%2Fv2%2Fcomments&post=543116"}]}}

<p>El informe señaló que a lo largo y ancho de América Latina hay altos niveles de impunidad, como en México, donde “la gran mayoría de crímenes” no se investigan.</p>

Margarito Pérez @Cuartoscuro
