{"id":543966,"date":"2022-04-22T07:09:06","date_gmt":"2022-04-22T12:09:06","guid":{"rendered":"https:\/\/www.diarioimagen.net\/wp-content\/uploads\/2022\/04\/CERTIFICADOS.jpg"},"modified":"2022-04-22T07:09:11","modified_gmt":"2022-04-22T12:09:11","slug":"certificados","status":"inherit","type":"attachment","link":"https:\/\/www.diarioimagen.net\/?attachment_id=543966","title":{"rendered":"CERTIFICADOS"},"author":1,"featured_media":0,"comment_status":"open","ping_status":"closed","template":"","meta":{"_monsterinsights_skip_tracking":false,"_monsterinsights_sitenote_active":false,"_monsterinsights_sitenote_note":"","_monsterinsights_sitenote_category":0},"class_list":["post-543966","attachment","type-attachment","status-inherit","hentry"],"description":{"rendered":"<p class=\"attachment\"><a href='https:\/\/www.diarioimagen.net\/wp-content\/uploads\/2022\/04\/CERTIFICADOS.jpg'><img loading=\"lazy\" decoding=\"async\" width=\"240\" height=\"141\" src=\"https:\/\/www.diarioimagen.net\/wp-content\/uploads\/2022\/04\/CERTIFICADOS.jpg\" class=\"attachment-medium size-medium\" alt=\"\" \/><\/a><\/p>\n"},"caption":{"rendered":"<p>Estados Unidos extiende el requisito de que todos los extranjeros que entren al pa\u00eds por M\u00e9xico y Canad\u00e1 est\u00e9n vacunados.<\/p>\n"},"alt_text":"","media_type":"image","mime_type":"image\/jpeg","media_details":{"width":460,"height":270,"file":"2022\/04\/CERTIFICADOS.jpg","sizes":{},"image_meta":{"aperture":"0","credit":"","camera":"","caption":"","created_timestamp":"0","copyright":"","focal_length":"0","iso":"0","shutter_speed":"0","title":"","orientation":"0","keywords":[]}},"post":543871,"source_url":"https:\/\/www.diarioimagen.net\/wp-content\/uploads\/2022\/04\/CERTIFICADOS.jpg","_links":{"self":[{"href":"https:\/\/www.diarioimagen.net\/index.php?rest_route=\/wp\/v2\/media\/543966","targetHints":{"allow":["GET"]}}],"collection":[{"href":"https:\/\/www.diarioimagen.net\/index.php?rest_route=\/wp\/v2\/media"}],"about":[{"href":"https:\/\/www.diarioimagen.net\/index.php?rest_route=\/wp\/v2\/types\/attachment"}],"author":[{"embeddable":true,"href":"https:\/\/www.diarioimagen.net\/index.php?rest_route=\/wp\/v2\/users\/1"}],"replies":[{"embeddable":true,"href":"https:\/\/www.diarioimagen.net\/index.php?rest_route=%2Fwp%2Fv2%2Fcomments&post=543966"}]}}

<p>Estados Unidos extiende el requisito de que todos los extranjeros que entren al país por México y Canadá estén vacunados.</p>
