{"id":544131,"date":"2022-04-25T03:10:48","date_gmt":"2022-04-25T08:10:48","guid":{"rendered":"https:\/\/www.diarioimagen.net\/wp-content\/uploads\/2022\/04\/naucalpan-1-3.jpg"},"modified":"2022-04-25T03:11:04","modified_gmt":"2022-04-25T08:11:04","slug":"naucalpan-1-13","status":"inherit","type":"attachment","link":"https:\/\/www.diarioimagen.net\/?attachment_id=544131","title":{"rendered":"naucalpan-1"},"author":1,"featured_media":0,"comment_status":"open","ping_status":"closed","template":"","meta":{"_monsterinsights_skip_tracking":false,"_monsterinsights_sitenote_active":false,"_monsterinsights_sitenote_note":"","_monsterinsights_sitenote_category":0},"class_list":["post-544131","attachment","type-attachment","status-inherit","hentry"],"description":{"rendered":"<p class=\"attachment\"><a href='https:\/\/www.diarioimagen.net\/wp-content\/uploads\/2022\/04\/naucalpan-1-3.jpg'><img loading=\"lazy\" decoding=\"async\" width=\"240\" height=\"141\" src=\"https:\/\/www.diarioimagen.net\/wp-content\/uploads\/2022\/04\/naucalpan-1-3.jpg\" class=\"attachment-medium size-medium\" alt=\"\" \/><\/a><\/p>\n"},"caption":{"rendered":"<p>La regidora \u00darsula Cort\u00e9s afirm\u00f3 \u00a0que pese a las dificultades financieras en\u00a0 las que recibi\u00f3 la administraci\u00f3n, Ang\u00e9lica Moya sabr\u00e1 cumplirle a las familias naucalpenses.<\/p>\n"},"alt_text":"","media_type":"image","mime_type":"image\/jpeg","media_details":{"width":460,"height":270,"file":"2022\/04\/naucalpan-1-3.jpg","sizes":{},"image_meta":{"aperture":"0","credit":"","camera":"","caption":"","created_timestamp":"0","copyright":"","focal_length":"0","iso":"0","shutter_speed":"0","title":"","orientation":"0","keywords":[]}},"post":544014,"source_url":"https:\/\/www.diarioimagen.net\/wp-content\/uploads\/2022\/04\/naucalpan-1-3.jpg","_links":{"self":[{"href":"https:\/\/www.diarioimagen.net\/index.php?rest_route=\/wp\/v2\/media\/544131","targetHints":{"allow":["GET"]}}],"collection":[{"href":"https:\/\/www.diarioimagen.net\/index.php?rest_route=\/wp\/v2\/media"}],"about":[{"href":"https:\/\/www.diarioimagen.net\/index.php?rest_route=\/wp\/v2\/types\/attachment"}],"author":[{"embeddable":true,"href":"https:\/\/www.diarioimagen.net\/index.php?rest_route=\/wp\/v2\/users\/1"}],"replies":[{"embeddable":true,"href":"https:\/\/www.diarioimagen.net\/index.php?rest_route=%2Fwp%2Fv2%2Fcomments&post=544131"}]}}

<p>La regidora Úrsula Cortés afirmó  que pese a las dificultades financieras en  las que recibió la administración, Angélica Moya sabrá cumplirle a las familias naucalpenses.</p>
