{"id":545371,"date":"2022-05-05T04:57:42","date_gmt":"2022-05-05T09:57:42","guid":{"rendered":"https:\/\/www.diarioimagen.net\/wp-content\/uploads\/2022\/05\/ebrard.jpg"},"modified":"2022-05-05T04:57:47","modified_gmt":"2022-05-05T09:57:47","slug":"ebrard-5","status":"inherit","type":"attachment","link":"https:\/\/www.diarioimagen.net\/?attachment_id=545371","title":{"rendered":"ebrard"},"author":1,"featured_media":0,"comment_status":"open","ping_status":"closed","template":"","meta":{"_monsterinsights_skip_tracking":false,"_monsterinsights_sitenote_active":false,"_monsterinsights_sitenote_note":"","_monsterinsights_sitenote_category":0},"class_list":["post-545371","attachment","type-attachment","status-inherit","hentry"],"description":{"rendered":"<p class=\"attachment\"><a href='https:\/\/www.diarioimagen.net\/wp-content\/uploads\/2022\/05\/ebrard.jpg'><img loading=\"lazy\" decoding=\"async\" width=\"240\" height=\"141\" src=\"https:\/\/www.diarioimagen.net\/wp-content\/uploads\/2022\/05\/ebrard.jpg\" class=\"attachment-medium size-medium\" alt=\"\" \/><\/a><\/p>\n"},"caption":{"rendered":"<p>El canciller Marcelo Ebrard Casaubon, aclar\u00f3 que M\u00e9xico no permite el libre tr\u00e1nsito de personas extranjeras que no tengan un registro oficial.<\/p>\n"},"alt_text":"","media_type":"image","mime_type":"image\/jpeg","media_details":{"width":460,"height":270,"file":"2022\/05\/ebrard.jpg","sizes":{},"image_meta":{"aperture":"0","credit":"","camera":"","caption":"","created_timestamp":"0","copyright":"","focal_length":"0","iso":"0","shutter_speed":"0","title":"","orientation":"0","keywords":[]}},"post":545300,"source_url":"https:\/\/www.diarioimagen.net\/wp-content\/uploads\/2022\/05\/ebrard.jpg","_links":{"self":[{"href":"https:\/\/www.diarioimagen.net\/index.php?rest_route=\/wp\/v2\/media\/545371","targetHints":{"allow":["GET"]}}],"collection":[{"href":"https:\/\/www.diarioimagen.net\/index.php?rest_route=\/wp\/v2\/media"}],"about":[{"href":"https:\/\/www.diarioimagen.net\/index.php?rest_route=\/wp\/v2\/types\/attachment"}],"author":[{"embeddable":true,"href":"https:\/\/www.diarioimagen.net\/index.php?rest_route=\/wp\/v2\/users\/1"}],"replies":[{"embeddable":true,"href":"https:\/\/www.diarioimagen.net\/index.php?rest_route=%2Fwp%2Fv2%2Fcomments&post=545371"}]}}

<p>El canciller Marcelo Ebrard Casaubon, aclaró que México no permite el libre tránsito de personas extranjeras que no tengan un registro oficial.</p>
