{"id":546222,"date":"2022-05-12T05:40:29","date_gmt":"2022-05-12T10:40:29","guid":{"rendered":"https:\/\/www.diarioimagen.net\/wp-content\/uploads\/2022\/05\/valle-4.jpg"},"modified":"2022-05-12T05:40:38","modified_gmt":"2022-05-12T10:40:38","slug":"valle-33","status":"inherit","type":"attachment","link":"https:\/\/www.diarioimagen.net\/?attachment_id=546222","title":{"rendered":"valle"},"author":1,"featured_media":0,"comment_status":"open","ping_status":"closed","template":"","meta":{"_monsterinsights_skip_tracking":false,"_monsterinsights_sitenote_active":false,"_monsterinsights_sitenote_note":"","_monsterinsights_sitenote_category":0},"class_list":["post-546222","attachment","type-attachment","status-inherit","hentry"],"description":{"rendered":"<p class=\"attachment\"><a href='https:\/\/www.diarioimagen.net\/wp-content\/uploads\/2022\/05\/valle-4.jpg'><img loading=\"lazy\" decoding=\"async\" width=\"240\" height=\"175\" src=\"https:\/\/www.diarioimagen.net\/wp-content\/uploads\/2022\/05\/valle-4.jpg\" class=\"attachment-medium size-medium\" alt=\"\" \/><\/a><\/p>\n"},"caption":{"rendered":"<p>El diputado Jorge Inzunza, del Partido Acci\u00f3n Nacional, conden\u00f3 la ola de asesinatos de periodistas en el pa\u00eds.<\/p>\n"},"alt_text":"","media_type":"image","mime_type":"image\/jpeg","media_details":{"width":795,"height":580,"file":"2022\/05\/valle-4.jpg","sizes":{},"image_meta":{"aperture":"0","credit":"","camera":"","caption":"","created_timestamp":"0","copyright":"","focal_length":"0","iso":"0","shutter_speed":"0","title":"","orientation":"0","keywords":[]}},"post":546107,"source_url":"https:\/\/www.diarioimagen.net\/wp-content\/uploads\/2022\/05\/valle-4.jpg","_links":{"self":[{"href":"https:\/\/www.diarioimagen.net\/index.php?rest_route=\/wp\/v2\/media\/546222","targetHints":{"allow":["GET"]}}],"collection":[{"href":"https:\/\/www.diarioimagen.net\/index.php?rest_route=\/wp\/v2\/media"}],"about":[{"href":"https:\/\/www.diarioimagen.net\/index.php?rest_route=\/wp\/v2\/types\/attachment"}],"author":[{"embeddable":true,"href":"https:\/\/www.diarioimagen.net\/index.php?rest_route=\/wp\/v2\/users\/1"}],"replies":[{"embeddable":true,"href":"https:\/\/www.diarioimagen.net\/index.php?rest_route=%2Fwp%2Fv2%2Fcomments&post=546222"}]}}

<p>El diputado Jorge Inzunza, del Partido Acción Nacional, condenó la ola de asesinatos de periodistas en el país.</p>
