{"id":547058,"date":"2022-05-19T03:15:54","date_gmt":"2022-05-19T08:15:54","guid":{"rendered":"https:\/\/www.diarioimagen.net\/wp-content\/uploads\/2022\/05\/VACUNACION-CDMXQR.jpg"},"modified":"2022-05-19T03:16:12","modified_gmt":"2022-05-19T08:16:12","slug":"vacunacion-cdmxqr","status":"inherit","type":"attachment","link":"https:\/\/www.diarioimagen.net\/?attachment_id=547058","title":{"rendered":"VACUNACION-CDMXQR"},"author":1,"featured_media":0,"comment_status":"open","ping_status":"closed","template":"","meta":{"_monsterinsights_skip_tracking":false,"_monsterinsights_sitenote_active":false,"_monsterinsights_sitenote_note":"","_monsterinsights_sitenote_category":0},"class_list":["post-547058","attachment","type-attachment","status-inherit","hentry"],"description":{"rendered":"<p class=\"attachment\"><a href='https:\/\/www.diarioimagen.net\/wp-content\/uploads\/2022\/05\/VACUNACION-CDMXQR.jpg'><img loading=\"lazy\" decoding=\"async\" width=\"240\" height=\"141\" src=\"https:\/\/www.diarioimagen.net\/wp-content\/uploads\/2022\/05\/VACUNACION-CDMXQR.jpg\" class=\"attachment-medium size-medium\" alt=\"\" \/><\/a><\/p>\n"},"caption":{"rendered":"<p>Del 19 al 27 de mayo se vacunar\u00e1 contra Covid a los adolescentes de 12 a 14 a\u00f1os de edad de la Ciudad de M\u00e9xico, .<\/p>\n"},"alt_text":"","media_type":"image","mime_type":"image\/jpeg","media_details":{"width":460,"height":270,"file":"2022\/05\/VACUNACION-CDMXQR.jpg","sizes":{},"image_meta":{"aperture":"0","credit":"","camera":"","caption":"","created_timestamp":"0","copyright":"Yerania Rol\u00f3n @Cuartoscuro","focal_length":"0","iso":"0","shutter_speed":"0","title":"","orientation":"0","keywords":[]}},"post":546967,"source_url":"https:\/\/www.diarioimagen.net\/wp-content\/uploads\/2022\/05\/VACUNACION-CDMXQR.jpg","_links":{"self":[{"href":"https:\/\/www.diarioimagen.net\/index.php?rest_route=\/wp\/v2\/media\/547058","targetHints":{"allow":["GET"]}}],"collection":[{"href":"https:\/\/www.diarioimagen.net\/index.php?rest_route=\/wp\/v2\/media"}],"about":[{"href":"https:\/\/www.diarioimagen.net\/index.php?rest_route=\/wp\/v2\/types\/attachment"}],"author":[{"embeddable":true,"href":"https:\/\/www.diarioimagen.net\/index.php?rest_route=\/wp\/v2\/users\/1"}],"replies":[{"embeddable":true,"href":"https:\/\/www.diarioimagen.net\/index.php?rest_route=%2Fwp%2Fv2%2Fcomments&post=547058"}]}}

<p>Del 19 al 27 de mayo se vacunará contra Covid a los adolescentes de 12 a 14 años de edad de la Ciudad de México, .</p>

Yerania Rolón @Cuartoscuro
