{"id":547511,"date":"2022-05-24T03:35:59","date_gmt":"2022-05-24T08:35:59","guid":{"rendered":"https:\/\/www.diarioimagen.net\/wp-content\/uploads\/2022\/05\/tribunal-6.jpg"},"modified":"2022-05-24T03:36:11","modified_gmt":"2022-05-24T08:36:11","slug":"tribunal-196","status":"inherit","type":"attachment","link":"https:\/\/www.diarioimagen.net\/?attachment_id=547511","title":{"rendered":"tribunal"},"author":1,"featured_media":0,"comment_status":"open","ping_status":"closed","template":"","meta":{"_monsterinsights_skip_tracking":false,"_monsterinsights_sitenote_active":false,"_monsterinsights_sitenote_note":"","_monsterinsights_sitenote_category":0},"class_list":["post-547511","attachment","type-attachment","status-inherit","hentry"],"description":{"rendered":"<p class=\"attachment\"><a href='https:\/\/www.diarioimagen.net\/wp-content\/uploads\/2022\/05\/tribunal-6.jpg'><img loading=\"lazy\" decoding=\"async\" width=\"240\" height=\"172\" src=\"https:\/\/www.diarioimagen.net\/wp-content\/uploads\/2022\/05\/tribunal-6.jpg\" class=\"attachment-medium size-medium\" alt=\"\" \/><\/a><\/p>\n"},"caption":{"rendered":"<p>Sobre dicha legislaci\u00f3n, el magistrado Rafael Guerra \u00c1lvarez enfatiz\u00f3 que es un paso que dejar\u00e1 huella en la impartici\u00f3n de justicia del pa\u00eds, y urgi\u00f3 a no demorar en su aprobaci\u00f3n.<\/p>\n"},"alt_text":"","media_type":"image","mime_type":"image\/jpeg","media_details":{"width":460,"height":330,"file":"2022\/05\/tribunal-6.jpg","sizes":{},"image_meta":{"aperture":"0","credit":"","camera":"","caption":"","created_timestamp":"0","copyright":"","focal_length":"0","iso":"0","shutter_speed":"0","title":"","orientation":"0","keywords":[]}},"post":547423,"source_url":"https:\/\/www.diarioimagen.net\/wp-content\/uploads\/2022\/05\/tribunal-6.jpg","_links":{"self":[{"href":"https:\/\/www.diarioimagen.net\/index.php?rest_route=\/wp\/v2\/media\/547511","targetHints":{"allow":["GET"]}}],"collection":[{"href":"https:\/\/www.diarioimagen.net\/index.php?rest_route=\/wp\/v2\/media"}],"about":[{"href":"https:\/\/www.diarioimagen.net\/index.php?rest_route=\/wp\/v2\/types\/attachment"}],"author":[{"embeddable":true,"href":"https:\/\/www.diarioimagen.net\/index.php?rest_route=\/wp\/v2\/users\/1"}],"replies":[{"embeddable":true,"href":"https:\/\/www.diarioimagen.net\/index.php?rest_route=%2Fwp%2Fv2%2Fcomments&post=547511"}]}}

<p>Sobre dicha legislación, el magistrado Rafael Guerra Álvarez enfatizó que es un paso que dejará huella en la impartición de justicia del país, y urgió a no demorar en su aprobación.</p>
