{"id":547711,"date":"2022-05-25T05:27:29","date_gmt":"2022-05-25T10:27:29","guid":{"rendered":"https:\/\/www.diarioimagen.net\/wp-content\/uploads\/2022\/05\/toluca-7.jpg"},"modified":"2022-05-25T05:27:48","modified_gmt":"2022-05-25T10:27:48","slug":"toluca-55","status":"inherit","type":"attachment","link":"https:\/\/www.diarioimagen.net\/?attachment_id=547711","title":{"rendered":"toluca"},"author":1,"featured_media":0,"comment_status":"open","ping_status":"closed","template":"","meta":{"_monsterinsights_skip_tracking":false,"_monsterinsights_sitenote_active":false,"_monsterinsights_sitenote_note":"","_monsterinsights_sitenote_category":0},"class_list":["post-547711","attachment","type-attachment","status-inherit","hentry"],"description":{"rendered":"<p class=\"attachment\"><a href='https:\/\/www.diarioimagen.net\/wp-content\/uploads\/2022\/05\/toluca-7.jpg'><img loading=\"lazy\" decoding=\"async\" width=\"240\" height=\"141\" src=\"https:\/\/www.diarioimagen.net\/wp-content\/uploads\/2022\/05\/toluca-7.jpg\" class=\"attachment-medium size-medium\" alt=\"\" \/><\/a><\/p>\n"},"caption":{"rendered":"<p>Legisladores morenistas pidieron instalar una mesa de trabajo con familiares de personas privadas de la libertad\u00a0 para la revisi\u00f3n de m\u00e1s de tres mil carpetas de investigaci\u00f3n por irregularidades en la FGJ Edomex.<\/p>\n"},"alt_text":"","media_type":"image","mime_type":"image\/jpeg","media_details":{"width":460,"height":270,"file":"2022\/05\/toluca-7.jpg","sizes":{},"image_meta":{"aperture":"0","credit":"","camera":"","caption":"","created_timestamp":"0","copyright":"","focal_length":"0","iso":"0","shutter_speed":"0","title":"","orientation":"0","keywords":[]}},"post":547585,"source_url":"https:\/\/www.diarioimagen.net\/wp-content\/uploads\/2022\/05\/toluca-7.jpg","_links":{"self":[{"href":"https:\/\/www.diarioimagen.net\/index.php?rest_route=\/wp\/v2\/media\/547711","targetHints":{"allow":["GET"]}}],"collection":[{"href":"https:\/\/www.diarioimagen.net\/index.php?rest_route=\/wp\/v2\/media"}],"about":[{"href":"https:\/\/www.diarioimagen.net\/index.php?rest_route=\/wp\/v2\/types\/attachment"}],"author":[{"embeddable":true,"href":"https:\/\/www.diarioimagen.net\/index.php?rest_route=\/wp\/v2\/users\/1"}],"replies":[{"embeddable":true,"href":"https:\/\/www.diarioimagen.net\/index.php?rest_route=%2Fwp%2Fv2%2Fcomments&post=547711"}]}}

<p>Legisladores morenistas pidieron instalar una mesa de trabajo con familiares de personas privadas de la libertad  para la revisión de más de tres mil carpetas de investigación por irregularidades en la FGJ Edomex.</p>
