{"id":548648,"date":"2022-06-02T02:27:35","date_gmt":"2022-06-02T07:27:35","guid":{"rendered":"https:\/\/www.diarioimagen.net\/wp-content\/uploads\/2022\/06\/edomex-tlalnepantla.jpg"},"modified":"2022-06-02T02:28:07","modified_gmt":"2022-06-02T07:28:07","slug":"edomex-tlalnepantla","status":"inherit","type":"attachment","link":"https:\/\/www.diarioimagen.net\/?attachment_id=548648","title":{"rendered":"edomex-tlalnepantla"},"author":1,"featured_media":0,"comment_status":"open","ping_status":"closed","template":"","meta":{"_monsterinsights_skip_tracking":false,"_monsterinsights_sitenote_active":false,"_monsterinsights_sitenote_note":"","_monsterinsights_sitenote_category":0},"class_list":["post-548648","attachment","type-attachment","status-inherit","hentry"],"description":{"rendered":"<p class=\"attachment\"><a href='https:\/\/www.diarioimagen.net\/wp-content\/uploads\/2022\/06\/edomex-tlalnepantla.jpg'><img loading=\"lazy\" decoding=\"async\" width=\"240\" height=\"141\" src=\"https:\/\/www.diarioimagen.net\/wp-content\/uploads\/2022\/06\/edomex-tlalnepantla.jpg\" class=\"attachment-medium size-medium\" alt=\"\" \/><\/a><\/p>\n"},"caption":{"rendered":"<p>El alcalde Marco Antonio Rodr\u00edguez Hurtado, firm\u00f3 un convenio de colaboraci\u00f3n con el Instituto de Informaci\u00f3n e Investigaci\u00f3n Geogr\u00e1fica, Estad\u00edstica y Catastral del Estado de M\u00e9xico.<\/p>\n"},"alt_text":"","media_type":"image","mime_type":"image\/jpeg","media_details":{"width":460,"height":270,"file":"2022\/06\/edomex-tlalnepantla.jpg","filesize":48083,"sizes":{},"image_meta":{"aperture":"0","credit":"","camera":"","caption":"","created_timestamp":"0","copyright":"","focal_length":"0","iso":"0","shutter_speed":"0","title":"","orientation":"0","keywords":[]}},"post":548566,"source_url":"https:\/\/www.diarioimagen.net\/wp-content\/uploads\/2022\/06\/edomex-tlalnepantla.jpg","_links":{"self":[{"href":"https:\/\/www.diarioimagen.net\/index.php?rest_route=\/wp\/v2\/media\/548648","targetHints":{"allow":["GET"]}}],"collection":[{"href":"https:\/\/www.diarioimagen.net\/index.php?rest_route=\/wp\/v2\/media"}],"about":[{"href":"https:\/\/www.diarioimagen.net\/index.php?rest_route=\/wp\/v2\/types\/attachment"}],"author":[{"embeddable":true,"href":"https:\/\/www.diarioimagen.net\/index.php?rest_route=\/wp\/v2\/users\/1"}],"replies":[{"embeddable":true,"href":"https:\/\/www.diarioimagen.net\/index.php?rest_route=%2Fwp%2Fv2%2Fcomments&post=548648"}]}}

<p>El alcalde Marco Antonio Rodríguez Hurtado, firmó un convenio de colaboración con el Instituto de Información e Investigación Geográfica, Estadística y Catastral del Estado de México.</p>
