{"id":553548,"date":"2022-07-15T05:59:14","date_gmt":"2022-07-15T10:59:14","guid":{"rendered":"https:\/\/www.diarioimagen.net\/wp-content\/uploads\/2022\/07\/uaem-9.jpg"},"modified":"2022-07-15T05:59:22","modified_gmt":"2022-07-15T10:59:22","slug":"uaem-457","status":"inherit","type":"attachment","link":"https:\/\/www.diarioimagen.net\/?attachment_id=553548","title":{"rendered":"uaem"},"author":1,"featured_media":0,"comment_status":"open","ping_status":"closed","template":"","meta":{"_monsterinsights_skip_tracking":false,"_monsterinsights_sitenote_active":false,"_monsterinsights_sitenote_note":"","_monsterinsights_sitenote_category":0},"class_list":["post-553548","attachment","type-attachment","status-inherit","hentry"],"description":{"rendered":"<p class=\"attachment\"><a href='https:\/\/www.diarioimagen.net\/wp-content\/uploads\/2022\/07\/uaem-9.jpg'><img loading=\"lazy\" decoding=\"async\" width=\"168\" height=\"240\" src=\"https:\/\/www.diarioimagen.net\/wp-content\/uploads\/2022\/07\/uaem-9.jpg\" class=\"attachment-medium size-medium\" alt=\"\" \/><\/a><\/p>\n"},"caption":{"rendered":"<p>Lily Marlene Ch\u00e1vez Campuzano asever\u00f3 que entre los beneficios de un \u00e1rbol est\u00e1 la mejora de la calidad del aire, proporcionar ox\u00edgeno, ayudar a regularizar el clima, capturar carbono, evitar la erosi\u00f3n de los suelos, adem\u00e1s de disminuir el impacto en la salud a causa de las part\u00edculas contaminantes.<\/p>\n"},"alt_text":"","media_type":"image","mime_type":"image\/jpeg","media_details":{"width":460,"height":657,"file":"2022\/07\/uaem-9.jpg","filesize":106737,"sizes":{},"image_meta":{"aperture":"0","credit":"","camera":"","caption":"","created_timestamp":"0","copyright":"","focal_length":"0","iso":"0","shutter_speed":"0","title":"","orientation":"0","keywords":[]}},"post":553440,"source_url":"https:\/\/www.diarioimagen.net\/wp-content\/uploads\/2022\/07\/uaem-9.jpg","_links":{"self":[{"href":"https:\/\/www.diarioimagen.net\/index.php?rest_route=\/wp\/v2\/media\/553548","targetHints":{"allow":["GET"]}}],"collection":[{"href":"https:\/\/www.diarioimagen.net\/index.php?rest_route=\/wp\/v2\/media"}],"about":[{"href":"https:\/\/www.diarioimagen.net\/index.php?rest_route=\/wp\/v2\/types\/attachment"}],"author":[{"embeddable":true,"href":"https:\/\/www.diarioimagen.net\/index.php?rest_route=\/wp\/v2\/users\/1"}],"replies":[{"embeddable":true,"href":"https:\/\/www.diarioimagen.net\/index.php?rest_route=%2Fwp%2Fv2%2Fcomments&post=553548"}]}}

<p>Lily Marlene Chávez Campuzano aseveró que entre los beneficios de un árbol está la mejora de la calidad del aire, proporcionar oxígeno, ayudar a regularizar el clima, capturar carbono, evitar la erosión de los suelos, además de disminuir el impacto en la salud a causa de las partículas contaminantes.</p>
