{"id":554000,"date":"2022-07-20T04:55:55","date_gmt":"2022-07-20T09:55:55","guid":{"rendered":"https:\/\/www.diarioimagen.net\/wp-content\/uploads\/2022\/07\/OBRAS-TREN-MAYA1.jpg"},"modified":"2022-07-20T04:56:01","modified_gmt":"2022-07-20T09:56:01","slug":"obras-tren-maya1","status":"inherit","type":"attachment","link":"https:\/\/www.diarioimagen.net\/?attachment_id=554000","title":{"rendered":"OBRAS-TREN-MAYA1"},"author":1,"featured_media":0,"comment_status":"open","ping_status":"closed","template":"","meta":{"_monsterinsights_skip_tracking":false,"_monsterinsights_sitenote_active":false,"_monsterinsights_sitenote_note":"","_monsterinsights_sitenote_category":0},"class_list":["post-554000","attachment","type-attachment","status-inherit","hentry"],"description":{"rendered":"<p class=\"attachment\"><a href='https:\/\/www.diarioimagen.net\/wp-content\/uploads\/2022\/07\/OBRAS-TREN-MAYA1.jpg'><img loading=\"lazy\" decoding=\"async\" width=\"240\" height=\"141\" src=\"https:\/\/www.diarioimagen.net\/wp-content\/uploads\/2022\/07\/OBRAS-TREN-MAYA1.jpg\" class=\"attachment-medium size-medium\" alt=\"\" \/><\/a><\/p>\n"},"caption":{"rendered":"<p>Greenpeace M\u00e9xico realiz\u00f3 una protesta pac\u00edfica para denunciar el reinicio ilegal de las obras del Tren Maya, a pesar de los amparos que est\u00e1n vigentes.<\/p>\n"},"alt_text":"","media_type":"image","mime_type":"image\/jpeg","media_details":{"width":460,"height":270,"file":"2022\/07\/OBRAS-TREN-MAYA1.jpg","filesize":105618,"sizes":{},"image_meta":{"aperture":"0","credit":"","camera":"","caption":"","created_timestamp":"0","copyright":"","focal_length":"0","iso":"0","shutter_speed":"0","title":"","orientation":"0","keywords":[]}},"post":553899,"source_url":"https:\/\/www.diarioimagen.net\/wp-content\/uploads\/2022\/07\/OBRAS-TREN-MAYA1.jpg","_links":{"self":[{"href":"https:\/\/www.diarioimagen.net\/index.php?rest_route=\/wp\/v2\/media\/554000","targetHints":{"allow":["GET"]}}],"collection":[{"href":"https:\/\/www.diarioimagen.net\/index.php?rest_route=\/wp\/v2\/media"}],"about":[{"href":"https:\/\/www.diarioimagen.net\/index.php?rest_route=\/wp\/v2\/types\/attachment"}],"author":[{"embeddable":true,"href":"https:\/\/www.diarioimagen.net\/index.php?rest_route=\/wp\/v2\/users\/1"}],"replies":[{"embeddable":true,"href":"https:\/\/www.diarioimagen.net\/index.php?rest_route=%2Fwp%2Fv2%2Fcomments&post=554000"}]}}

<p>Greenpeace México realizó una protesta pacífica para denunciar el reinicio ilegal de las obras del Tren Maya, a pesar de los amparos que están vigentes.</p>
