{"id":554006,"date":"2022-07-20T04:57:34","date_gmt":"2022-07-20T09:57:34","guid":{"rendered":"https:\/\/www.diarioimagen.net\/wp-content\/uploads\/2022\/07\/MUERTES-COVID.jpg"},"modified":"2022-07-20T04:57:39","modified_gmt":"2022-07-20T09:57:39","slug":"muertes-covid-2","status":"inherit","type":"attachment","link":"https:\/\/www.diarioimagen.net\/?attachment_id=554006","title":{"rendered":"MUERTES-COVID"},"author":1,"featured_media":0,"comment_status":"open","ping_status":"closed","template":"","meta":{"_monsterinsights_skip_tracking":false,"_monsterinsights_sitenote_active":false,"_monsterinsights_sitenote_note":"","_monsterinsights_sitenote_category":0},"class_list":["post-554006","attachment","type-attachment","status-inherit","hentry"],"description":{"rendered":"<p class=\"attachment\"><a href='https:\/\/www.diarioimagen.net\/wp-content\/uploads\/2022\/07\/MUERTES-COVID.jpg'><img loading=\"lazy\" decoding=\"async\" width=\"240\" height=\"141\" src=\"https:\/\/www.diarioimagen.net\/wp-content\/uploads\/2022\/07\/MUERTES-COVID.jpg\" class=\"attachment-medium size-medium\" alt=\"\" \/><\/a><\/p>\n"},"caption":{"rendered":"<p>M\u00e9xico suma 14 semanas continuas de incremento en el n\u00famero de casos Covid, aunque hay indicadores que apuntan a una desaceleraci\u00f3n, report\u00f3 la Ssa.<\/p>\n"},"alt_text":"","media_type":"image","mime_type":"image\/jpeg","media_details":{"width":460,"height":270,"file":"2022\/07\/MUERTES-COVID.jpg","filesize":63926,"sizes":{},"image_meta":{"aperture":"0","credit":"","camera":"","caption":"","created_timestamp":"0","copyright":"","focal_length":"0","iso":"0","shutter_speed":"0","title":"","orientation":"0","keywords":[]}},"post":553903,"source_url":"https:\/\/www.diarioimagen.net\/wp-content\/uploads\/2022\/07\/MUERTES-COVID.jpg","_links":{"self":[{"href":"https:\/\/www.diarioimagen.net\/index.php?rest_route=\/wp\/v2\/media\/554006","targetHints":{"allow":["GET"]}}],"collection":[{"href":"https:\/\/www.diarioimagen.net\/index.php?rest_route=\/wp\/v2\/media"}],"about":[{"href":"https:\/\/www.diarioimagen.net\/index.php?rest_route=\/wp\/v2\/types\/attachment"}],"author":[{"embeddable":true,"href":"https:\/\/www.diarioimagen.net\/index.php?rest_route=\/wp\/v2\/users\/1"}],"replies":[{"embeddable":true,"href":"https:\/\/www.diarioimagen.net\/index.php?rest_route=%2Fwp%2Fv2%2Fcomments&post=554006"}]}}

<p>México suma 14 semanas continuas de incremento en el número de casos Covid, aunque hay indicadores que apuntan a una desaceleración, reportó la Ssa.</p>
