{"id":554191,"date":"2022-07-21T05:15:23","date_gmt":"2022-07-21T10:15:23","guid":{"rendered":"https:\/\/www.diarioimagen.net\/wp-content\/uploads\/2022\/07\/BAENA1-12.jpg"},"modified":"2022-07-21T05:15:28","modified_gmt":"2022-07-21T10:15:28","slug":"baena1-15","status":"inherit","type":"attachment","link":"https:\/\/www.diarioimagen.net\/?attachment_id=554191","title":{"rendered":"BAENA1"},"author":1,"featured_media":0,"comment_status":"open","ping_status":"closed","template":"","meta":{"_monsterinsights_skip_tracking":false,"_monsterinsights_sitenote_active":false,"_monsterinsights_sitenote_note":"","_monsterinsights_sitenote_category":0},"class_list":["post-554191","attachment","type-attachment","status-inherit","hentry"],"description":{"rendered":"<p class=\"attachment\"><a href='https:\/\/www.diarioimagen.net\/wp-content\/uploads\/2022\/07\/BAENA1-12.jpg'><img loading=\"lazy\" decoding=\"async\" width=\"240\" height=\"141\" src=\"https:\/\/www.diarioimagen.net\/wp-content\/uploads\/2022\/07\/BAENA1-12.jpg\" class=\"attachment-medium size-medium\" alt=\"\" \/><\/a><\/p>\n"},"caption":{"rendered":"<p>Los 87 elementos separados se encontraban adscritos a la Polic\u00eda Municipal Preventiva y son parte de la primera fase de la depuraci\u00f3n en la corporaci\u00f3n.<\/p>\n"},"alt_text":"","media_type":"image","mime_type":"image\/jpeg","media_details":{"width":460,"height":270,"file":"2022\/07\/BAENA1-12.jpg","filesize":55564,"sizes":{},"image_meta":{"aperture":"0","credit":"","camera":"","caption":"","created_timestamp":"0","copyright":"","focal_length":"0","iso":"0","shutter_speed":"0","title":"","orientation":"0","keywords":[]}},"post":554079,"source_url":"https:\/\/www.diarioimagen.net\/wp-content\/uploads\/2022\/07\/BAENA1-12.jpg","_links":{"self":[{"href":"https:\/\/www.diarioimagen.net\/index.php?rest_route=\/wp\/v2\/media\/554191","targetHints":{"allow":["GET"]}}],"collection":[{"href":"https:\/\/www.diarioimagen.net\/index.php?rest_route=\/wp\/v2\/media"}],"about":[{"href":"https:\/\/www.diarioimagen.net\/index.php?rest_route=\/wp\/v2\/types\/attachment"}],"author":[{"embeddable":true,"href":"https:\/\/www.diarioimagen.net\/index.php?rest_route=\/wp\/v2\/users\/1"}],"replies":[{"embeddable":true,"href":"https:\/\/www.diarioimagen.net\/index.php?rest_route=%2Fwp%2Fv2%2Fcomments&post=554191"}]}}

<p>Los 87 elementos separados se encontraban adscritos a la Policía Municipal Preventiva y son parte de la primera fase de la depuración en la corporación.</p>
