{"id":554448,"date":"2022-07-25T04:28:59","date_gmt":"2022-07-25T09:28:59","guid":{"rendered":"https:\/\/www.diarioimagen.net\/wp-content\/uploads\/2022\/07\/uaem-15.jpg"},"modified":"2022-07-25T04:29:05","modified_gmt":"2022-07-25T09:29:05","slug":"uaem-463","status":"inherit","type":"attachment","link":"https:\/\/www.diarioimagen.net\/?attachment_id=554448","title":{"rendered":"uaem"},"author":1,"featured_media":0,"comment_status":"open","ping_status":"closed","template":"","meta":{"_monsterinsights_skip_tracking":false,"_monsterinsights_sitenote_active":false,"_monsterinsights_sitenote_note":"","_monsterinsights_sitenote_category":0},"class_list":["post-554448","attachment","type-attachment","status-inherit","hentry"],"description":{"rendered":"<p class=\"attachment\"><a href='https:\/\/www.diarioimagen.net\/wp-content\/uploads\/2022\/07\/uaem-15.jpg'><img loading=\"lazy\" decoding=\"async\" width=\"240\" height=\"141\" src=\"https:\/\/www.diarioimagen.net\/wp-content\/uploads\/2022\/07\/uaem-15.jpg\" class=\"attachment-medium size-medium\" alt=\"\" \/><\/a><\/p>\n"},"caption":{"rendered":"<p>Los alumnos de la Licenciatura en Estudios Cinematogr\u00e1ficos de la Escuela de Artes Esc\u00e9nicas lograron desarrollar sus conocimientos a trav\u00e9s de un acercamiento a su ambiente laboral, y la satisfacci\u00f3n de la proyecci\u00f3n de su cortometraje en la Cineteca Mexiquense.<\/p>\n"},"alt_text":"","media_type":"image","mime_type":"image\/jpeg","media_details":{"width":460,"height":270,"file":"2022\/07\/uaem-15.jpg","filesize":80683,"sizes":{},"image_meta":{"aperture":"0","credit":"","camera":"","caption":"","created_timestamp":"0","copyright":"","focal_length":"0","iso":"0","shutter_speed":"0","title":"","orientation":"0","keywords":[]}},"post":554351,"source_url":"https:\/\/www.diarioimagen.net\/wp-content\/uploads\/2022\/07\/uaem-15.jpg","_links":{"self":[{"href":"https:\/\/www.diarioimagen.net\/index.php?rest_route=\/wp\/v2\/media\/554448","targetHints":{"allow":["GET"]}}],"collection":[{"href":"https:\/\/www.diarioimagen.net\/index.php?rest_route=\/wp\/v2\/media"}],"about":[{"href":"https:\/\/www.diarioimagen.net\/index.php?rest_route=\/wp\/v2\/types\/attachment"}],"author":[{"embeddable":true,"href":"https:\/\/www.diarioimagen.net\/index.php?rest_route=\/wp\/v2\/users\/1"}],"replies":[{"embeddable":true,"href":"https:\/\/www.diarioimagen.net\/index.php?rest_route=%2Fwp%2Fv2%2Fcomments&post=554448"}]}}

<p>Los alumnos de la Licenciatura en Estudios Cinematográficos de la Escuela de Artes Escénicas lograron desarrollar sus conocimientos a través de un acercamiento a su ambiente laboral, y la satisfacción de la proyección de su cortometraje en la Cineteca Mexiquense.</p>
