{"id":554452,"date":"2022-07-25T04:29:47","date_gmt":"2022-07-25T09:29:47","guid":{"rendered":"https:\/\/www.diarioimagen.net\/wp-content\/uploads\/2022\/07\/MARIPOSA-MONARCA-EN-EXTINCION.jpg"},"modified":"2022-07-25T04:29:51","modified_gmt":"2022-07-25T09:29:51","slug":"mariposa-monarca-en-extincion","status":"inherit","type":"attachment","link":"https:\/\/www.diarioimagen.net\/?attachment_id=554452","title":{"rendered":"MARIPOSA-MONARCA-EN-EXTINCION"},"author":1,"featured_media":0,"comment_status":"open","ping_status":"closed","template":"","meta":{"_monsterinsights_skip_tracking":false,"_monsterinsights_sitenote_active":false,"_monsterinsights_sitenote_note":"","_monsterinsights_sitenote_category":0},"class_list":["post-554452","attachment","type-attachment","status-inherit","hentry"],"description":{"rendered":"<p class=\"attachment\"><a href='https:\/\/www.diarioimagen.net\/wp-content\/uploads\/2022\/07\/MARIPOSA-MONARCA-EN-EXTINCION.jpg'><img loading=\"lazy\" decoding=\"async\" width=\"240\" height=\"141\" src=\"https:\/\/www.diarioimagen.net\/wp-content\/uploads\/2022\/07\/MARIPOSA-MONARCA-EN-EXTINCION.jpg\" class=\"attachment-medium size-medium\" alt=\"\" \/><\/a><\/p>\n"},"caption":{"rendered":"<p>El uso de herbicidas y el cambio clim\u00e1tico son los principales causantes de la disminuci\u00f3n de la poblaci\u00f3n de la mariposa monarca migratoria, se\u00f1alan expertos.<\/p>\n"},"alt_text":"","media_type":"image","mime_type":"image\/jpeg","media_details":{"width":460,"height":270,"file":"2022\/07\/MARIPOSA-MONARCA-EN-EXTINCION.jpg","filesize":76837,"sizes":{},"image_meta":{"aperture":"0","credit":"","camera":"","caption":"","created_timestamp":"0","copyright":"","focal_length":"0","iso":"0","shutter_speed":"0","title":"","orientation":"0","keywords":[]}},"post":554355,"source_url":"https:\/\/www.diarioimagen.net\/wp-content\/uploads\/2022\/07\/MARIPOSA-MONARCA-EN-EXTINCION.jpg","_links":{"self":[{"href":"https:\/\/www.diarioimagen.net\/index.php?rest_route=\/wp\/v2\/media\/554452","targetHints":{"allow":["GET"]}}],"collection":[{"href":"https:\/\/www.diarioimagen.net\/index.php?rest_route=\/wp\/v2\/media"}],"about":[{"href":"https:\/\/www.diarioimagen.net\/index.php?rest_route=\/wp\/v2\/types\/attachment"}],"author":[{"embeddable":true,"href":"https:\/\/www.diarioimagen.net\/index.php?rest_route=\/wp\/v2\/users\/1"}],"replies":[{"embeddable":true,"href":"https:\/\/www.diarioimagen.net\/index.php?rest_route=%2Fwp%2Fv2%2Fcomments&post=554452"}]}}

<p>El uso de herbicidas y el cambio climático son los principales causantes de la disminución de la población de la mariposa monarca migratoria, señalan expertos.</p>
