{"id":555009,"date":"2022-07-29T04:09:46","date_gmt":"2022-07-29T09:09:46","guid":{"rendered":"https:\/\/www.diarioimagen.net\/wp-content\/uploads\/2022\/07\/uaem-19.jpg"},"modified":"2022-07-29T04:09:50","modified_gmt":"2022-07-29T09:09:50","slug":"uaem-467","status":"inherit","type":"attachment","link":"https:\/\/www.diarioimagen.net\/?attachment_id=555009","title":{"rendered":"uaem"},"author":1,"featured_media":0,"comment_status":"open","ping_status":"closed","template":"","meta":{"_monsterinsights_skip_tracking":false,"_monsterinsights_sitenote_active":false,"_monsterinsights_sitenote_note":"","_monsterinsights_sitenote_category":0},"class_list":["post-555009","attachment","type-attachment","status-inherit","hentry"],"description":{"rendered":"<p class=\"attachment\"><a href='https:\/\/www.diarioimagen.net\/wp-content\/uploads\/2022\/07\/uaem-19.jpg'><img loading=\"lazy\" decoding=\"async\" width=\"240\" height=\"120\" src=\"https:\/\/www.diarioimagen.net\/wp-content\/uploads\/2022\/07\/uaem-19.jpg\" class=\"attachment-medium size-medium\" alt=\"\" \/><\/a><\/p>\n"},"caption":{"rendered":"<p>El presidente de la Asociaci\u00f3n de Charros del Estado de M\u00e9xico, Omar L\u00f3pez Cardona, agradeci\u00f3 a la UAEM\u00e9x por el trabajo conjunto, que permitir\u00e1 la ampliaci\u00f3n de caballerizas que alberguen a los equinos de manera \u00f3ptima.<\/p>\n"},"alt_text":"","media_type":"image","mime_type":"image\/jpeg","media_details":{"width":460,"height":230,"file":"2022\/07\/uaem-19.jpg","filesize":59278,"sizes":{},"image_meta":{"aperture":"0","credit":"","camera":"","caption":"","created_timestamp":"0","copyright":"","focal_length":"0","iso":"0","shutter_speed":"0","title":"","orientation":"0","keywords":[]}},"post":554943,"source_url":"https:\/\/www.diarioimagen.net\/wp-content\/uploads\/2022\/07\/uaem-19.jpg","_links":{"self":[{"href":"https:\/\/www.diarioimagen.net\/index.php?rest_route=\/wp\/v2\/media\/555009","targetHints":{"allow":["GET"]}}],"collection":[{"href":"https:\/\/www.diarioimagen.net\/index.php?rest_route=\/wp\/v2\/media"}],"about":[{"href":"https:\/\/www.diarioimagen.net\/index.php?rest_route=\/wp\/v2\/types\/attachment"}],"author":[{"embeddable":true,"href":"https:\/\/www.diarioimagen.net\/index.php?rest_route=\/wp\/v2\/users\/1"}],"replies":[{"embeddable":true,"href":"https:\/\/www.diarioimagen.net\/index.php?rest_route=%2Fwp%2Fv2%2Fcomments&post=555009"}]}}

<p>El presidente de la Asociación de Charros del Estado de México, Omar López Cardona, agradeció a la UAEMéx por el trabajo conjunto, que permitirá la ampliación de caballerizas que alberguen a los equinos de manera óptima.</p>
