{"id":555170,"date":"2022-08-01T04:15:24","date_gmt":"2022-08-01T09:15:24","guid":{"rendered":"https:\/\/www.diarioimagen.net\/wp-content\/uploads\/2022\/08\/uaem2.jpg"},"modified":"2022-08-01T04:15:29","modified_gmt":"2022-08-01T09:15:29","slug":"uaem2-27","status":"inherit","type":"attachment","link":"https:\/\/www.diarioimagen.net\/?attachment_id=555170","title":{"rendered":"uaem2"},"author":1,"featured_media":0,"comment_status":"open","ping_status":"closed","template":"","meta":{"_monsterinsights_skip_tracking":false,"_monsterinsights_sitenote_active":false,"_monsterinsights_sitenote_note":"","_monsterinsights_sitenote_category":0},"class_list":["post-555170","attachment","type-attachment","status-inherit","hentry"],"description":{"rendered":"<p class=\"attachment\"><a href='https:\/\/www.diarioimagen.net\/wp-content\/uploads\/2022\/08\/uaem2.jpg'><img loading=\"lazy\" decoding=\"async\" width=\"240\" height=\"141\" src=\"https:\/\/www.diarioimagen.net\/wp-content\/uploads\/2022\/08\/uaem2.jpg\" class=\"attachment-medium size-medium\" alt=\"\" \/><\/a><\/p>\n"},"caption":{"rendered":"<p>Mariana Ortiz Reynoso promueve la continuaci\u00f3n de pol\u00edticas con perspectiva de g\u00e9nero que disminuyan la desigualdad en la ciencia y en la repartici\u00f3n de tareas relacionadas con el hogar y cuidado.<\/p>\n"},"alt_text":"","media_type":"image","mime_type":"image\/jpeg","media_details":{"width":460,"height":270,"file":"2022\/08\/uaem2.jpg","filesize":48834,"sizes":{},"image_meta":{"aperture":"0","credit":"","camera":"","caption":"","created_timestamp":"0","copyright":"","focal_length":"0","iso":"0","shutter_speed":"0","title":"","orientation":"0","keywords":[]}},"post":555141,"source_url":"https:\/\/www.diarioimagen.net\/wp-content\/uploads\/2022\/08\/uaem2.jpg","_links":{"self":[{"href":"https:\/\/www.diarioimagen.net\/index.php?rest_route=\/wp\/v2\/media\/555170","targetHints":{"allow":["GET"]}}],"collection":[{"href":"https:\/\/www.diarioimagen.net\/index.php?rest_route=\/wp\/v2\/media"}],"about":[{"href":"https:\/\/www.diarioimagen.net\/index.php?rest_route=\/wp\/v2\/types\/attachment"}],"author":[{"embeddable":true,"href":"https:\/\/www.diarioimagen.net\/index.php?rest_route=\/wp\/v2\/users\/1"}],"replies":[{"embeddable":true,"href":"https:\/\/www.diarioimagen.net\/index.php?rest_route=%2Fwp%2Fv2%2Fcomments&post=555170"}]}}

<p>Mariana Ortiz Reynoso promueve la continuación de políticas con perspectiva de género que disminuyan la desigualdad en la ciencia y en la repartición de tareas relacionadas con el hogar y cuidado.</p>
