{"id":555734,"date":"2022-08-05T05:20:07","date_gmt":"2022-08-05T10:20:07","guid":{"rendered":"https:\/\/www.diarioimagen.net\/wp-content\/uploads\/2022\/08\/del-mazo.jpg"},"modified":"2022-08-05T05:20:14","modified_gmt":"2022-08-05T10:20:14","slug":"del-mazo-55","status":"inherit","type":"attachment","link":"https:\/\/www.diarioimagen.net\/?attachment_id=555734","title":{"rendered":"del-mazo"},"author":1,"featured_media":0,"comment_status":"open","ping_status":"closed","template":"","meta":{"_monsterinsights_skip_tracking":false,"_monsterinsights_sitenote_active":false,"_monsterinsights_sitenote_note":"","_monsterinsights_sitenote_category":0},"class_list":["post-555734","attachment","type-attachment","status-inherit","hentry"],"description":{"rendered":"<p class=\"attachment\"><a href='https:\/\/www.diarioimagen.net\/wp-content\/uploads\/2022\/08\/del-mazo.jpg'><img loading=\"lazy\" decoding=\"async\" width=\"240\" height=\"141\" src=\"https:\/\/www.diarioimagen.net\/wp-content\/uploads\/2022\/08\/del-mazo.jpg\" class=\"attachment-medium size-medium\" alt=\"\" \/><\/a><\/p>\n"},"caption":{"rendered":"<p>El gobernador del Estado de M\u00e9xico, Alfredo Del Mazo, indic\u00f3 que el ranking del Times Higher Education (THE) reconoci\u00f3 a la UAEM como la mejor universidad p\u00fablica estatal del pa\u00eds.<\/p>\n"},"alt_text":"","media_type":"image","mime_type":"image\/jpeg","media_details":{"width":460,"height":270,"file":"2022\/08\/del-mazo.jpg","filesize":56464,"sizes":{},"image_meta":{"aperture":"0","credit":"","camera":"","caption":"","created_timestamp":"0","copyright":"","focal_length":"0","iso":"0","shutter_speed":"0","title":"","orientation":"0","keywords":[]}},"post":555733,"source_url":"https:\/\/www.diarioimagen.net\/wp-content\/uploads\/2022\/08\/del-mazo.jpg","_links":{"self":[{"href":"https:\/\/www.diarioimagen.net\/index.php?rest_route=\/wp\/v2\/media\/555734","targetHints":{"allow":["GET"]}}],"collection":[{"href":"https:\/\/www.diarioimagen.net\/index.php?rest_route=\/wp\/v2\/media"}],"about":[{"href":"https:\/\/www.diarioimagen.net\/index.php?rest_route=\/wp\/v2\/types\/attachment"}],"author":[{"embeddable":true,"href":"https:\/\/www.diarioimagen.net\/index.php?rest_route=\/wp\/v2\/users\/1"}],"replies":[{"embeddable":true,"href":"https:\/\/www.diarioimagen.net\/index.php?rest_route=%2Fwp%2Fv2%2Fcomments&post=555734"}]}}

<p>El gobernador del Estado de México, Alfredo Del Mazo, indicó que el ranking del Times Higher Education (THE) reconoció a la UAEM como la mejor universidad pública estatal del país.</p>
