{"id":561364,"date":"2022-09-29T23:49:42","date_gmt":"2022-09-30T04:49:42","guid":{"rendered":"https:\/\/www.diarioimagen.net\/wp-content\/uploads\/2022\/09\/todos-los-peces-de-la-tierra-1.jpg"},"modified":"2022-09-29T23:49:46","modified_gmt":"2022-09-30T04:49:46","slug":"todos-los-peces-de-la-tierra-2","status":"inherit","type":"attachment","link":"https:\/\/www.diarioimagen.net\/?attachment_id=561364","title":{"rendered":"todos-los-peces-de-la-tierra"},"author":1,"featured_media":0,"comment_status":"open","ping_status":"closed","template":"","meta":{"_monsterinsights_skip_tracking":false,"_monsterinsights_sitenote_active":false,"_monsterinsights_sitenote_note":"","_monsterinsights_sitenote_category":0},"class_list":["post-561364","attachment","type-attachment","status-inherit","hentry"],"description":{"rendered":"<p class=\"attachment\"><a href='https:\/\/www.diarioimagen.net\/wp-content\/uploads\/2022\/09\/todos-los-peces-de-la-tierra-1.jpg'><img loading=\"lazy\" decoding=\"async\" width=\"240\" height=\"141\" src=\"https:\/\/www.diarioimagen.net\/wp-content\/uploads\/2022\/09\/todos-los-peces-de-la-tierra-1.jpg\" class=\"attachment-medium size-medium\" alt=\"\" \/><\/a><\/p>\n"},"caption":{"rendered":"<p>\u201cTodos los peces de la Tierra\u201d, de B\u00e1rbara Perr\u00edn Rivemar, nos cuenta la historia de Marina, una sirena de tierra que siempre pide deseos a las 11:11, aunque hay deseos que nunca llegan o llegan tarde. Su padre, un viejo lobo de mar, le ense\u00f1ar\u00e1 la lecci\u00f3n m\u00e1s grande de su vida.<\/p>\n"},"alt_text":"","media_type":"image","mime_type":"image\/jpeg","media_details":{"width":460,"height":270,"file":"2022\/09\/todos-los-peces-de-la-tierra-1.jpg","filesize":64299,"sizes":{},"image_meta":{"aperture":"0","credit":"","camera":"","caption":"","created_timestamp":"0","copyright":"","focal_length":"0","iso":"0","shutter_speed":"0","title":"","orientation":"0","keywords":[]}},"post":561356,"source_url":"https:\/\/www.diarioimagen.net\/wp-content\/uploads\/2022\/09\/todos-los-peces-de-la-tierra-1.jpg","_links":{"self":[{"href":"https:\/\/www.diarioimagen.net\/index.php?rest_route=\/wp\/v2\/media\/561364","targetHints":{"allow":["GET"]}}],"collection":[{"href":"https:\/\/www.diarioimagen.net\/index.php?rest_route=\/wp\/v2\/media"}],"about":[{"href":"https:\/\/www.diarioimagen.net\/index.php?rest_route=\/wp\/v2\/types\/attachment"}],"author":[{"embeddable":true,"href":"https:\/\/www.diarioimagen.net\/index.php?rest_route=\/wp\/v2\/users\/1"}],"replies":[{"embeddable":true,"href":"https:\/\/www.diarioimagen.net\/index.php?rest_route=%2Fwp%2Fv2%2Fcomments&post=561364"}]}}

<p>“Todos los peces de la Tierra”, de Bárbara Perrín Rivemar, nos cuenta la historia de Marina, una sirena de tierra que siempre pide deseos a las 11:11, aunque hay deseos que nunca llegan o llegan tarde. Su padre, un viejo lobo de mar, le enseñará la lección más grande de su vida.</p>
