{"id":566739,"date":"2022-11-22T01:16:22","date_gmt":"2022-11-22T07:16:22","guid":{"rendered":"https:\/\/www.diarioimagen.net\/wp-content\/uploads\/2022\/11\/informe-1.jpg"},"modified":"2022-11-22T01:16:28","modified_gmt":"2022-11-22T07:16:28","slug":"informe-1-3","status":"inherit","type":"attachment","link":"https:\/\/www.diarioimagen.net\/?attachment_id=566739","title":{"rendered":"informe-1"},"author":1,"featured_media":0,"comment_status":"open","ping_status":"closed","template":"","meta":{"_monsterinsights_skip_tracking":false,"_monsterinsights_sitenote_active":false,"_monsterinsights_sitenote_note":"","_monsterinsights_sitenote_category":0},"class_list":["post-566739","attachment","type-attachment","status-inherit","hentry"],"description":{"rendered":"<p class=\"attachment\"><a href='https:\/\/www.diarioimagen.net\/wp-content\/uploads\/2022\/11\/informe-1.jpg'><img loading=\"lazy\" decoding=\"async\" width=\"236\" height=\"240\" src=\"https:\/\/www.diarioimagen.net\/wp-content\/uploads\/2022\/11\/informe-1.jpg\" class=\"attachment-medium size-medium\" alt=\"\" \/><\/a><\/p>\n"},"caption":{"rendered":"<p>El magistrado Rafael Guerra \u00c1lvarez refrend\u00f3 la misi\u00f3n del PJCDMX de democratizar la justicia, con la mejora de servicios, con mayor eficiencia, efectividad y transparencia, mediante el uso de las tecnolog\u00edas de la informaci\u00f3n.<\/p>\n"},"alt_text":"","media_type":"image","mime_type":"image\/jpeg","media_details":{"width":460,"height":467,"file":"2022\/11\/informe-1.jpg","filesize":68298,"sizes":{},"image_meta":{"aperture":"0","credit":"","camera":"","caption":"","created_timestamp":"0","copyright":"","focal_length":"0","iso":"0","shutter_speed":"0","title":"","orientation":"0","keywords":[]}},"post":566656,"source_url":"https:\/\/www.diarioimagen.net\/wp-content\/uploads\/2022\/11\/informe-1.jpg","_links":{"self":[{"href":"https:\/\/www.diarioimagen.net\/index.php?rest_route=\/wp\/v2\/media\/566739","targetHints":{"allow":["GET"]}}],"collection":[{"href":"https:\/\/www.diarioimagen.net\/index.php?rest_route=\/wp\/v2\/media"}],"about":[{"href":"https:\/\/www.diarioimagen.net\/index.php?rest_route=\/wp\/v2\/types\/attachment"}],"author":[{"embeddable":true,"href":"https:\/\/www.diarioimagen.net\/index.php?rest_route=\/wp\/v2\/users\/1"}],"replies":[{"embeddable":true,"href":"https:\/\/www.diarioimagen.net\/index.php?rest_route=%2Fwp%2Fv2%2Fcomments&post=566739"}]}}

<p>El magistrado Rafael Guerra Álvarez refrendó la misión del PJCDMX de democratizar la justicia, con la mejora de servicios, con mayor eficiencia, efectividad y transparencia, mediante el uso de las tecnologías de la información.</p>
