{"id":566746,"date":"2022-11-22T01:19:27","date_gmt":"2022-11-22T07:19:27","guid":{"rendered":"https:\/\/www.diarioimagen.net\/wp-content\/uploads\/2022\/11\/informe-5.jpg"},"modified":"2022-11-22T01:19:37","modified_gmt":"2022-11-22T07:19:37","slug":"informe-5-2","status":"inherit","type":"attachment","link":"https:\/\/www.diarioimagen.net\/?attachment_id=566746","title":{"rendered":"informe-5"},"author":1,"featured_media":0,"comment_status":"open","ping_status":"closed","template":"","meta":{"_monsterinsights_skip_tracking":false,"_monsterinsights_sitenote_active":false,"_monsterinsights_sitenote_note":"","_monsterinsights_sitenote_category":0},"class_list":["post-566746","attachment","type-attachment","status-inherit","hentry"],"description":{"rendered":"<p class=\"attachment\"><a href='https:\/\/www.diarioimagen.net\/wp-content\/uploads\/2022\/11\/informe-5.jpg'><img loading=\"lazy\" decoding=\"async\" width=\"240\" height=\"240\" src=\"https:\/\/www.diarioimagen.net\/wp-content\/uploads\/2022\/11\/informe-5.jpg\" class=\"attachment-medium size-medium\" alt=\"\" \/><\/a><\/p>\n"},"caption":{"rendered":"<p>El juez 34 Civil del PJCDMX, Juan Carlos L\u00f3pez Gonz\u00e1lez; la magistrada de la Quinta Sala Civil, Rosalba Guerrero Rodr\u00edguez; la Fiscal General de Justicia de la Ciudad de M\u00e9xico, Ernestina Godoy Ramos, y el magistrado de la S\u00e9ptima Sala Civil, Roberto Mart\u00ednez Gonz\u00e1lez.<\/p>\n"},"alt_text":"","media_type":"image","mime_type":"image\/jpeg","media_details":{"width":460,"height":462,"file":"2022\/11\/informe-5.jpg","filesize":99535,"sizes":{},"image_meta":{"aperture":"0","credit":"","camera":"","caption":"","created_timestamp":"0","copyright":"","focal_length":"0","iso":"0","shutter_speed":"0","title":"","orientation":"0","keywords":[]}},"post":566656,"source_url":"https:\/\/www.diarioimagen.net\/wp-content\/uploads\/2022\/11\/informe-5.jpg","_links":{"self":[{"href":"https:\/\/www.diarioimagen.net\/index.php?rest_route=\/wp\/v2\/media\/566746","targetHints":{"allow":["GET"]}}],"collection":[{"href":"https:\/\/www.diarioimagen.net\/index.php?rest_route=\/wp\/v2\/media"}],"about":[{"href":"https:\/\/www.diarioimagen.net\/index.php?rest_route=\/wp\/v2\/types\/attachment"}],"author":[{"embeddable":true,"href":"https:\/\/www.diarioimagen.net\/index.php?rest_route=\/wp\/v2\/users\/1"}],"replies":[{"embeddable":true,"href":"https:\/\/www.diarioimagen.net\/index.php?rest_route=%2Fwp%2Fv2%2Fcomments&post=566746"}]}}

<p>El juez 34 Civil del PJCDMX, Juan Carlos López González; la magistrada de la Quinta Sala Civil, Rosalba Guerrero Rodríguez; la Fiscal General de Justicia de la Ciudad de México, Ernestina Godoy Ramos, y el magistrado de la Séptima Sala Civil, Roberto Martínez González.</p>
