{"id":567312,"date":"2022-11-28T05:01:54","date_gmt":"2022-11-28T11:01:54","guid":{"rendered":"https:\/\/www.diarioimagen.net\/wp-content\/uploads\/2022\/11\/TRABAJOS-POR-HONORARIOS.jpg"},"modified":"2022-11-28T05:02:00","modified_gmt":"2022-11-28T11:02:00","slug":"trabajos-por-honorarios","status":"inherit","type":"attachment","link":"https:\/\/www.diarioimagen.net\/?attachment_id=567312","title":{"rendered":"TRABAJOS-POR-HONORARIOS"},"author":3,"featured_media":0,"comment_status":"open","ping_status":"closed","template":"","meta":{"_monsterinsights_skip_tracking":false,"_monsterinsights_sitenote_active":false,"_monsterinsights_sitenote_note":"","_monsterinsights_sitenote_category":0},"class_list":["post-567312","attachment","type-attachment","status-inherit","hentry"],"description":{"rendered":"<p class=\"attachment\"><a href='https:\/\/www.diarioimagen.net\/wp-content\/uploads\/2022\/11\/TRABAJOS-POR-HONORARIOS.jpg'><img loading=\"lazy\" decoding=\"async\" width=\"240\" height=\"141\" src=\"https:\/\/www.diarioimagen.net\/wp-content\/uploads\/2022\/11\/TRABAJOS-POR-HONORARIOS.jpg\" class=\"attachment-medium size-medium\" alt=\"\" \/><\/a><\/p>\n"},"caption":{"rendered":"<p>El trabajo por honorarios, comisiones y propinas registr\u00f3 un mayor aumento en lo que va de este a\u00f1o, seg\u00fan datos de la Encuesta Nacional de Ocupaci\u00f3n y Empleo.<\/p>\n"},"alt_text":"","media_type":"image","mime_type":"image\/jpeg","media_details":{"width":460,"height":270,"file":"2022\/11\/TRABAJOS-POR-HONORARIOS.jpg","filesize":40457,"sizes":{},"image_meta":{"aperture":"0","credit":"","camera":"","caption":"","created_timestamp":"0","copyright":"","focal_length":"0","iso":"0","shutter_speed":"0","title":"","orientation":"0","keywords":[]}},"post":567252,"source_url":"https:\/\/www.diarioimagen.net\/wp-content\/uploads\/2022\/11\/TRABAJOS-POR-HONORARIOS.jpg","_links":{"self":[{"href":"https:\/\/www.diarioimagen.net\/index.php?rest_route=\/wp\/v2\/media\/567312","targetHints":{"allow":["GET"]}}],"collection":[{"href":"https:\/\/www.diarioimagen.net\/index.php?rest_route=\/wp\/v2\/media"}],"about":[{"href":"https:\/\/www.diarioimagen.net\/index.php?rest_route=\/wp\/v2\/types\/attachment"}],"author":[{"embeddable":true,"href":"https:\/\/www.diarioimagen.net\/index.php?rest_route=\/wp\/v2\/users\/3"}],"replies":[{"embeddable":true,"href":"https:\/\/www.diarioimagen.net\/index.php?rest_route=%2Fwp%2Fv2%2Fcomments&post=567312"}]}}

<p>El trabajo por honorarios, comisiones y propinas registró un mayor aumento en lo que va de este año, según datos de la Encuesta Nacional de Ocupación y Empleo.</p>
