{"id":567440,"date":"2022-11-29T03:13:52","date_gmt":"2022-11-29T09:13:52","guid":{"rendered":"https:\/\/www.diarioimagen.net\/wp-content\/uploads\/2022\/11\/uaem-perspectiva-genero.jpg"},"modified":"2022-11-29T03:13:56","modified_gmt":"2022-11-29T09:13:56","slug":"uaem-perspectiva-genero","status":"inherit","type":"attachment","link":"https:\/\/www.diarioimagen.net\/?attachment_id=567440","title":{"rendered":"uaem-perspectiva-genero"},"author":3,"featured_media":0,"comment_status":"open","ping_status":"closed","template":"","meta":{"_monsterinsights_skip_tracking":false,"_monsterinsights_sitenote_active":false,"_monsterinsights_sitenote_note":"","_monsterinsights_sitenote_category":0},"class_list":["post-567440","attachment","type-attachment","status-inherit","hentry"],"description":{"rendered":"<p class=\"attachment\"><a href='https:\/\/www.diarioimagen.net\/wp-content\/uploads\/2022\/11\/uaem-perspectiva-genero.jpg'><img loading=\"lazy\" decoding=\"async\" width=\"240\" height=\"141\" src=\"https:\/\/www.diarioimagen.net\/wp-content\/uploads\/2022\/11\/uaem-perspectiva-genero.jpg\" class=\"attachment-medium size-medium\" alt=\"\" \/><\/a><\/p>\n"},"caption":{"rendered":"<p>Karen Paola Telpalo Lozano enfatiz\u00f3 que el cine es reflejo y representaci\u00f3n de la cultura, movimientos e ideolog\u00edas de una sociedad y es aqu\u00ed donde entran los estudios de g\u00e9nero, ya que van a permitir cuestionar los roles y estereotipos de g\u00e9nero y c\u00f3mo es que las mujeres, los hombres, las infancias, adolescencias y problem\u00e1ticas est\u00e1n representadas dentro de las pel\u00edculas.<\/p>\n"},"alt_text":"","media_type":"image","mime_type":"image\/jpeg","media_details":{"width":460,"height":270,"file":"2022\/11\/uaem-perspectiva-genero.jpg","filesize":47207,"sizes":{},"image_meta":{"aperture":"0","credit":"","camera":"","caption":"","created_timestamp":"0","copyright":"","focal_length":"0","iso":"0","shutter_speed":"0","title":"","orientation":"0","keywords":[]}},"post":567404,"source_url":"https:\/\/www.diarioimagen.net\/wp-content\/uploads\/2022\/11\/uaem-perspectiva-genero.jpg","_links":{"self":[{"href":"https:\/\/www.diarioimagen.net\/index.php?rest_route=\/wp\/v2\/media\/567440","targetHints":{"allow":["GET"]}}],"collection":[{"href":"https:\/\/www.diarioimagen.net\/index.php?rest_route=\/wp\/v2\/media"}],"about":[{"href":"https:\/\/www.diarioimagen.net\/index.php?rest_route=\/wp\/v2\/types\/attachment"}],"author":[{"embeddable":true,"href":"https:\/\/www.diarioimagen.net\/index.php?rest_route=\/wp\/v2\/users\/3"}],"replies":[{"embeddable":true,"href":"https:\/\/www.diarioimagen.net\/index.php?rest_route=%2Fwp%2Fv2%2Fcomments&post=567440"}]}}

<p>Karen Paola Telpalo Lozano enfatizó que el cine es reflejo y representación de la cultura, movimientos e ideologías de una sociedad y es aquí donde entran los estudios de género, ya que van a permitir cuestionar los roles y estereotipos de género y cómo es que las mujeres, los hombres, las infancias, adolescencias y problemáticas están representadas dentro de las películas.</p>
