{"id":567908,"date":"2022-12-02T03:24:21","date_gmt":"2022-12-02T09:24:21","guid":{"rendered":"https:\/\/www.diarioimagen.net\/wp-content\/uploads\/2022\/12\/SALARIO-MINIMO.jpg"},"modified":"2022-12-02T03:24:30","modified_gmt":"2022-12-02T09:24:30","slug":"salario-minimo-4","status":"inherit","type":"attachment","link":"https:\/\/www.diarioimagen.net\/?attachment_id=567908","title":{"rendered":"SALARIO-MINIMO"},"author":3,"featured_media":0,"comment_status":"open","ping_status":"closed","template":"","meta":{"_monsterinsights_skip_tracking":false,"_monsterinsights_sitenote_active":false,"_monsterinsights_sitenote_note":"","_monsterinsights_sitenote_category":0},"class_list":["post-567908","attachment","type-attachment","status-inherit","hentry"],"description":{"rendered":"<p class=\"attachment\"><a href='https:\/\/www.diarioimagen.net\/wp-content\/uploads\/2022\/12\/SALARIO-MINIMO.jpg'><img loading=\"lazy\" decoding=\"async\" width=\"240\" height=\"141\" src=\"https:\/\/www.diarioimagen.net\/wp-content\/uploads\/2022\/12\/SALARIO-MINIMO.jpg\" class=\"attachment-medium size-medium\" alt=\"\" \/><\/a><\/p>\n"},"caption":{"rendered":"<p>El salario m\u00ednimo subir\u00e1 de 172.87 a 207.44 pesos diarios; mientras que en la Zona de la Frontera Norte pasar\u00e1 de 260.34 a 312.41.<\/p>\n"},"alt_text":"","media_type":"image","mime_type":"image\/jpeg","media_details":{"width":460,"height":270,"file":"2022\/12\/SALARIO-MINIMO.jpg","filesize":47066,"sizes":{},"image_meta":{"aperture":"0","credit":"","camera":"","caption":"","created_timestamp":"0","copyright":"","focal_length":"0","iso":"0","shutter_speed":"0","title":"","orientation":"0","keywords":[]}},"post":567819,"source_url":"https:\/\/www.diarioimagen.net\/wp-content\/uploads\/2022\/12\/SALARIO-MINIMO.jpg","_links":{"self":[{"href":"https:\/\/www.diarioimagen.net\/index.php?rest_route=\/wp\/v2\/media\/567908","targetHints":{"allow":["GET"]}}],"collection":[{"href":"https:\/\/www.diarioimagen.net\/index.php?rest_route=\/wp\/v2\/media"}],"about":[{"href":"https:\/\/www.diarioimagen.net\/index.php?rest_route=\/wp\/v2\/types\/attachment"}],"author":[{"embeddable":true,"href":"https:\/\/www.diarioimagen.net\/index.php?rest_route=\/wp\/v2\/users\/3"}],"replies":[{"embeddable":true,"href":"https:\/\/www.diarioimagen.net\/index.php?rest_route=%2Fwp%2Fv2%2Fcomments&post=567908"}]}}

<p>El salario mínimo subirá de 172.87 a 207.44 pesos diarios; mientras que en la Zona de la Frontera Norte pasará de 260.34 a 312.41.</p>
