{"id":567944,"date":"2022-12-02T03:41:36","date_gmt":"2022-12-02T09:41:36","guid":{"rendered":"https:\/\/www.diarioimagen.net\/wp-content\/uploads\/2022\/12\/no-bajaremos-guardia.jpg"},"modified":"2022-12-02T03:41:40","modified_gmt":"2022-12-02T09:41:40","slug":"no-bajaremos-guardia","status":"inherit","type":"attachment","link":"https:\/\/www.diarioimagen.net\/?attachment_id=567944","title":{"rendered":"no-bajaremos-guardia"},"author":3,"featured_media":0,"comment_status":"open","ping_status":"closed","template":"","meta":{"_monsterinsights_skip_tracking":false,"_monsterinsights_sitenote_active":false,"_monsterinsights_sitenote_note":"","_monsterinsights_sitenote_category":0},"class_list":["post-567944","attachment","type-attachment","status-inherit","hentry"],"description":{"rendered":"<p class=\"attachment\"><a href='https:\/\/www.diarioimagen.net\/wp-content\/uploads\/2022\/12\/no-bajaremos-guardia.jpg'><img loading=\"lazy\" decoding=\"async\" width=\"240\" height=\"141\" src=\"https:\/\/www.diarioimagen.net\/wp-content\/uploads\/2022\/12\/no-bajaremos-guardia.jpg\" class=\"attachment-medium size-medium\" alt=\"\" \/><\/a><\/p>\n"},"caption":{"rendered":"<p>Tere Rojas, dirigente de la asociaci\u00f3n \u201cSumaT- Mujer\u201d, se reuni\u00f3 con varias l\u00edderes sociales a quienes exhort\u00f3 a seguir luchando.<\/p>\n"},"alt_text":"","media_type":"image","mime_type":"image\/jpeg","media_details":{"width":460,"height":270,"file":"2022\/12\/no-bajaremos-guardia.jpg","filesize":65823,"sizes":{},"image_meta":{"aperture":"0","credit":"","camera":"","caption":"","created_timestamp":"0","copyright":"","focal_length":"0","iso":"0","shutter_speed":"0","title":"","orientation":"0","keywords":[]}},"post":567835,"source_url":"https:\/\/www.diarioimagen.net\/wp-content\/uploads\/2022\/12\/no-bajaremos-guardia.jpg","_links":{"self":[{"href":"https:\/\/www.diarioimagen.net\/index.php?rest_route=\/wp\/v2\/media\/567944","targetHints":{"allow":["GET"]}}],"collection":[{"href":"https:\/\/www.diarioimagen.net\/index.php?rest_route=\/wp\/v2\/media"}],"about":[{"href":"https:\/\/www.diarioimagen.net\/index.php?rest_route=\/wp\/v2\/types\/attachment"}],"author":[{"embeddable":true,"href":"https:\/\/www.diarioimagen.net\/index.php?rest_route=\/wp\/v2\/users\/3"}],"replies":[{"embeddable":true,"href":"https:\/\/www.diarioimagen.net\/index.php?rest_route=%2Fwp%2Fv2%2Fcomments&post=567944"}]}}

<p>Tere Rojas, dirigente de la asociación “SumaT- Mujer”, se reunió con varias líderes sociales a quienes exhortó a seguir luchando.</p>
