{"id":568209,"date":"2022-12-06T03:15:52","date_gmt":"2022-12-06T09:15:52","guid":{"rendered":"https:\/\/www.diarioimagen.net\/wp-content\/uploads\/2022\/12\/tribunal-1.jpg"},"modified":"2022-12-06T03:15:57","modified_gmt":"2022-12-06T09:15:57","slug":"tribunal-250","status":"inherit","type":"attachment","link":"https:\/\/www.diarioimagen.net\/?attachment_id=568209","title":{"rendered":"tribunal"},"author":3,"featured_media":0,"comment_status":"open","ping_status":"closed","template":"","meta":{"_monsterinsights_skip_tracking":false,"_monsterinsights_sitenote_active":false,"_monsterinsights_sitenote_note":"","_monsterinsights_sitenote_category":0},"class_list":["post-568209","attachment","type-attachment","status-inherit","hentry"],"description":{"rendered":"<p class=\"attachment\"><a href='https:\/\/www.diarioimagen.net\/wp-content\/uploads\/2022\/12\/tribunal-1.jpg'><img loading=\"lazy\" decoding=\"async\" width=\"240\" height=\"141\" src=\"https:\/\/www.diarioimagen.net\/wp-content\/uploads\/2022\/12\/tribunal-1.jpg\" class=\"attachment-medium size-medium\" alt=\"\" \/><\/a><\/p>\n"},"caption":{"rendered":"<p>La consejera de la Judicatura capitalina, Emma Campos Burgos, en representaci\u00f3n del presidente del PJCDMX, magistrado Rafael Guerra \u00c1lvarez, destac\u00f3 que unificar criterios en los procedimientos penales es uno de los objetivos de \u00e9stas gu\u00edas judiciales.<\/p>\n"},"alt_text":"","media_type":"image","mime_type":"image\/jpeg","media_details":{"width":460,"height":270,"file":"2022\/12\/tribunal-1.jpg","filesize":52695,"sizes":{},"image_meta":{"aperture":"0","credit":"","camera":"","caption":"","created_timestamp":"0","copyright":"","focal_length":"0","iso":"0","shutter_speed":"0","title":"","orientation":"0","keywords":[]}},"post":568132,"source_url":"https:\/\/www.diarioimagen.net\/wp-content\/uploads\/2022\/12\/tribunal-1.jpg","_links":{"self":[{"href":"https:\/\/www.diarioimagen.net\/index.php?rest_route=\/wp\/v2\/media\/568209","targetHints":{"allow":["GET"]}}],"collection":[{"href":"https:\/\/www.diarioimagen.net\/index.php?rest_route=\/wp\/v2\/media"}],"about":[{"href":"https:\/\/www.diarioimagen.net\/index.php?rest_route=\/wp\/v2\/types\/attachment"}],"author":[{"embeddable":true,"href":"https:\/\/www.diarioimagen.net\/index.php?rest_route=\/wp\/v2\/users\/3"}],"replies":[{"embeddable":true,"href":"https:\/\/www.diarioimagen.net\/index.php?rest_route=%2Fwp%2Fv2%2Fcomments&post=568209"}]}}

<p>La consejera de la Judicatura capitalina, Emma Campos Burgos, en representación del presidente del PJCDMX, magistrado Rafael Guerra Álvarez, destacó que unificar criterios en los procedimientos penales es uno de los objetivos de éstas guías judiciales.</p>
