{"id":568342,"date":"2022-12-07T02:42:19","date_gmt":"2022-12-07T08:42:19","guid":{"rendered":"https:\/\/www.diarioimagen.net\/wp-content\/uploads\/2022\/12\/LLEGADA-DE-PEREGRINOS.jpg"},"modified":"2022-12-07T02:42:23","modified_gmt":"2022-12-07T08:42:23","slug":"llegada-de-peregrinos","status":"inherit","type":"attachment","link":"https:\/\/www.diarioimagen.net\/?attachment_id=568342","title":{"rendered":"LLEGADA-DE-PEREGRINOS"},"author":3,"featured_media":0,"comment_status":"open","ping_status":"closed","template":"","meta":{"_monsterinsights_skip_tracking":false,"_monsterinsights_sitenote_active":false,"_monsterinsights_sitenote_note":"","_monsterinsights_sitenote_category":0},"class_list":["post-568342","attachment","type-attachment","status-inherit","hentry"],"description":{"rendered":"<p class=\"attachment\"><a href='https:\/\/www.diarioimagen.net\/wp-content\/uploads\/2022\/12\/LLEGADA-DE-PEREGRINOS.jpg'><img loading=\"lazy\" decoding=\"async\" width=\"240\" height=\"141\" src=\"https:\/\/www.diarioimagen.net\/wp-content\/uploads\/2022\/12\/LLEGADA-DE-PEREGRINOS.jpg\" class=\"attachment-medium size-medium\" alt=\"\" \/><\/a><\/p>\n"},"caption":{"rendered":"<p>La Iglesia cat\u00f3lica anuncia que la celebraci\u00f3n de los festejos de la Virgen de Guadalupe de este a\u00f1o se realizar\u00e1 de forma normal,luego de la suspensi\u00f3n de actividades cotidianas, debido a la pandemia.<\/p>\n"},"alt_text":"","media_type":"image","mime_type":"image\/jpeg","media_details":{"width":460,"height":270,"file":"2022\/12\/LLEGADA-DE-PEREGRINOS.jpg","filesize":75018,"sizes":{},"image_meta":{"aperture":"0","credit":"","camera":"","caption":"","created_timestamp":"0","copyright":"","focal_length":"0","iso":"0","shutter_speed":"0","title":"","orientation":"0","keywords":[]}},"post":568258,"source_url":"https:\/\/www.diarioimagen.net\/wp-content\/uploads\/2022\/12\/LLEGADA-DE-PEREGRINOS.jpg","_links":{"self":[{"href":"https:\/\/www.diarioimagen.net\/index.php?rest_route=\/wp\/v2\/media\/568342","targetHints":{"allow":["GET"]}}],"collection":[{"href":"https:\/\/www.diarioimagen.net\/index.php?rest_route=\/wp\/v2\/media"}],"about":[{"href":"https:\/\/www.diarioimagen.net\/index.php?rest_route=\/wp\/v2\/types\/attachment"}],"author":[{"embeddable":true,"href":"https:\/\/www.diarioimagen.net\/index.php?rest_route=\/wp\/v2\/users\/3"}],"replies":[{"embeddable":true,"href":"https:\/\/www.diarioimagen.net\/index.php?rest_route=%2Fwp%2Fv2%2Fcomments&post=568342"}]}}

<p>La Iglesia católica anuncia que la celebración de los festejos de la Virgen de Guadalupe de este año se realizará de forma normal,luego de la suspensión de actividades cotidianas, debido a la pandemia.</p>
