{"id":568724,"date":"2022-12-12T02:19:52","date_gmt":"2022-12-12T08:19:52","guid":{"rendered":"https:\/\/www.diarioimagen.net\/wp-content\/uploads\/2022\/12\/uaem-jesus-miguel.jpg"},"modified":"2022-12-12T02:19:56","modified_gmt":"2022-12-12T08:19:56","slug":"uaem-jesus-miguel","status":"inherit","type":"attachment","link":"https:\/\/www.diarioimagen.net\/?attachment_id=568724","title":{"rendered":"uaem-jesus-miguel"},"author":3,"featured_media":0,"comment_status":"open","ping_status":"closed","template":"","meta":{"_monsterinsights_skip_tracking":false,"_monsterinsights_sitenote_active":false,"_monsterinsights_sitenote_note":"","_monsterinsights_sitenote_category":0},"class_list":["post-568724","attachment","type-attachment","status-inherit","hentry"],"description":{"rendered":"<p class=\"attachment\"><a href='https:\/\/www.diarioimagen.net\/wp-content\/uploads\/2022\/12\/uaem-jesus-miguel.jpg'><img loading=\"lazy\" decoding=\"async\" width=\"240\" height=\"141\" src=\"https:\/\/www.diarioimagen.net\/wp-content\/uploads\/2022\/12\/uaem-jesus-miguel.jpg\" class=\"attachment-medium size-medium\" alt=\"\" \/><\/a><\/p>\n"},"caption":{"rendered":"<p>Motivado por el trabajo que desarroll\u00f3 durante aproximadamente cinco a\u00f1os en la Comisi\u00f3n Ejecutiva de Atenci\u00f3n a V\u00edctimas, el universitario busca dar soluci\u00f3n a la regulaci\u00f3n de los procesos de contrataci\u00f3n en esta dependencia para que se apeguen a la Ley de Contrataciones del Estado de M\u00e9xico y Municipios.<\/p>\n"},"alt_text":"","media_type":"image","mime_type":"image\/jpeg","media_details":{"width":460,"height":270,"file":"2022\/12\/uaem-jesus-miguel.jpg","filesize":36706,"sizes":{},"image_meta":{"aperture":"0","credit":"","camera":"","caption":"","created_timestamp":"0","copyright":"","focal_length":"0","iso":"0","shutter_speed":"0","title":"","orientation":"0","keywords":[]}},"post":568674,"source_url":"https:\/\/www.diarioimagen.net\/wp-content\/uploads\/2022\/12\/uaem-jesus-miguel.jpg","_links":{"self":[{"href":"https:\/\/www.diarioimagen.net\/index.php?rest_route=\/wp\/v2\/media\/568724","targetHints":{"allow":["GET"]}}],"collection":[{"href":"https:\/\/www.diarioimagen.net\/index.php?rest_route=\/wp\/v2\/media"}],"about":[{"href":"https:\/\/www.diarioimagen.net\/index.php?rest_route=\/wp\/v2\/types\/attachment"}],"author":[{"embeddable":true,"href":"https:\/\/www.diarioimagen.net\/index.php?rest_route=\/wp\/v2\/users\/3"}],"replies":[{"embeddable":true,"href":"https:\/\/www.diarioimagen.net\/index.php?rest_route=%2Fwp%2Fv2%2Fcomments&post=568724"}]}}

<p>Motivado por el trabajo que desarrolló durante aproximadamente cinco años en la Comisión Ejecutiva de Atención a Víctimas, el universitario busca dar solución a la regulación de los procesos de contratación en esta dependencia para que se apeguen a la Ley de Contrataciones del Estado de México y Municipios.</p>
