{"id":568891,"date":"2022-12-13T02:51:23","date_gmt":"2022-12-13T08:51:23","guid":{"rendered":"https:\/\/www.diarioimagen.net\/wp-content\/uploads\/2022\/12\/SEGURIDAD-CDMX.jpg"},"modified":"2022-12-13T02:51:28","modified_gmt":"2022-12-13T08:51:28","slug":"seguridad-cdmx","status":"inherit","type":"attachment","link":"https:\/\/www.diarioimagen.net\/?attachment_id=568891","title":{"rendered":"SEGURIDAD-CDMX"},"author":3,"featured_media":0,"comment_status":"open","ping_status":"closed","template":"","meta":{"_monsterinsights_skip_tracking":false,"_monsterinsights_sitenote_active":false,"_monsterinsights_sitenote_note":"","_monsterinsights_sitenote_category":0},"class_list":["post-568891","attachment","type-attachment","status-inherit","hentry"],"description":{"rendered":"<p class=\"attachment\"><a href='https:\/\/www.diarioimagen.net\/wp-content\/uploads\/2022\/12\/SEGURIDAD-CDMX.jpg'><img loading=\"lazy\" decoding=\"async\" width=\"240\" height=\"141\" src=\"https:\/\/www.diarioimagen.net\/wp-content\/uploads\/2022\/12\/SEGURIDAD-CDMX.jpg\" class=\"attachment-medium size-medium\" alt=\"\" \/><\/a><\/p>\n"},"caption":{"rendered":"<p>La Ciudad de M\u00e9xico result\u00f3 mejor evaluada que la ciudad de Florida, comparando el n\u00famero de homicidios por cada 100 mil habitantes.<\/p>\n"},"alt_text":"","media_type":"image","mime_type":"image\/jpeg","media_details":{"width":460,"height":270,"file":"2022\/12\/SEGURIDAD-CDMX.jpg","filesize":82759,"sizes":{},"image_meta":{"aperture":"0","credit":"","camera":"","caption":"","created_timestamp":"0","copyright":"","focal_length":"0","iso":"0","shutter_speed":"0","title":"","orientation":"0","keywords":[]}},"post":568814,"source_url":"https:\/\/www.diarioimagen.net\/wp-content\/uploads\/2022\/12\/SEGURIDAD-CDMX.jpg","_links":{"self":[{"href":"https:\/\/www.diarioimagen.net\/index.php?rest_route=\/wp\/v2\/media\/568891","targetHints":{"allow":["GET"]}}],"collection":[{"href":"https:\/\/www.diarioimagen.net\/index.php?rest_route=\/wp\/v2\/media"}],"about":[{"href":"https:\/\/www.diarioimagen.net\/index.php?rest_route=\/wp\/v2\/types\/attachment"}],"author":[{"embeddable":true,"href":"https:\/\/www.diarioimagen.net\/index.php?rest_route=\/wp\/v2\/users\/3"}],"replies":[{"embeddable":true,"href":"https:\/\/www.diarioimagen.net\/index.php?rest_route=%2Fwp%2Fv2%2Fcomments&post=568891"}]}}

<p>La Ciudad de México resultó mejor evaluada que la ciudad de Florida, comparando el número de homicidios por cada 100 mil habitantes.</p>
