{"id":569017,"date":"2022-12-14T02:49:09","date_gmt":"2022-12-14T08:49:09","guid":{"rendered":"https:\/\/www.diarioimagen.net\/wp-content\/uploads\/2022\/12\/uaem-genera-investigacion.jpg"},"modified":"2022-12-14T02:49:13","modified_gmt":"2022-12-14T08:49:13","slug":"uaem-genera-investigacion","status":"inherit","type":"attachment","link":"https:\/\/www.diarioimagen.net\/?attachment_id=569017","title":{"rendered":"uaem-genera-investigacion"},"author":3,"featured_media":0,"comment_status":"open","ping_status":"closed","template":"","meta":{"_monsterinsights_skip_tracking":false,"_monsterinsights_sitenote_active":false,"_monsterinsights_sitenote_note":"","_monsterinsights_sitenote_category":0},"class_list":["post-569017","attachment","type-attachment","status-inherit","hentry"],"description":{"rendered":"<p class=\"attachment\"><a href='https:\/\/www.diarioimagen.net\/wp-content\/uploads\/2022\/12\/uaem-genera-investigacion.jpg'><img loading=\"lazy\" decoding=\"async\" width=\"240\" height=\"141\" src=\"https:\/\/www.diarioimagen.net\/wp-content\/uploads\/2022\/12\/uaem-genera-investigacion.jpg\" class=\"attachment-medium size-medium\" alt=\"\" \/><\/a><\/p>\n"},"caption":{"rendered":"<p>Como parte del acto se hizo entrega de 40 computadoras \u00faltima generaci\u00f3n para el Laboratorio de Geom\u00e1tica de ese organismo acad\u00e9mico.<\/p>\n"},"alt_text":"","media_type":"image","mime_type":"image\/jpeg","media_details":{"width":460,"height":270,"file":"2022\/12\/uaem-genera-investigacion.jpg","filesize":74272,"sizes":{},"image_meta":{"aperture":"0","credit":"","camera":"","caption":"","created_timestamp":"0","copyright":"","focal_length":"0","iso":"0","shutter_speed":"0","title":"","orientation":"0","keywords":[]}},"post":568947,"source_url":"https:\/\/www.diarioimagen.net\/wp-content\/uploads\/2022\/12\/uaem-genera-investigacion.jpg","_links":{"self":[{"href":"https:\/\/www.diarioimagen.net\/index.php?rest_route=\/wp\/v2\/media\/569017","targetHints":{"allow":["GET"]}}],"collection":[{"href":"https:\/\/www.diarioimagen.net\/index.php?rest_route=\/wp\/v2\/media"}],"about":[{"href":"https:\/\/www.diarioimagen.net\/index.php?rest_route=\/wp\/v2\/types\/attachment"}],"author":[{"embeddable":true,"href":"https:\/\/www.diarioimagen.net\/index.php?rest_route=\/wp\/v2\/users\/3"}],"replies":[{"embeddable":true,"href":"https:\/\/www.diarioimagen.net\/index.php?rest_route=%2Fwp%2Fv2%2Fcomments&post=569017"}]}}

<p>Como parte del acto se hizo entrega de 40 computadoras última generación para el Laboratorio de Geomática de ese organismo académico.</p>
