{"id":569023,"date":"2022-12-14T02:52:34","date_gmt":"2022-12-14T08:52:34","guid":{"rendered":"https:\/\/www.diarioimagen.net\/wp-content\/uploads\/2022\/12\/SEXTA-OLA.jpg"},"modified":"2022-12-14T02:52:38","modified_gmt":"2022-12-14T08:52:38","slug":"sexta-ola","status":"inherit","type":"attachment","link":"https:\/\/www.diarioimagen.net\/?attachment_id=569023","title":{"rendered":"SEXTA-OLA"},"author":3,"featured_media":0,"comment_status":"open","ping_status":"closed","template":"","meta":{"_monsterinsights_skip_tracking":false,"_monsterinsights_sitenote_active":false,"_monsterinsights_sitenote_note":"","_monsterinsights_sitenote_category":0},"class_list":["post-569023","attachment","type-attachment","status-inherit","hentry"],"description":{"rendered":"<p class=\"attachment\"><a href='https:\/\/www.diarioimagen.net\/wp-content\/uploads\/2022\/12\/SEXTA-OLA.jpg'><img loading=\"lazy\" decoding=\"async\" width=\"240\" height=\"141\" src=\"https:\/\/www.diarioimagen.net\/wp-content\/uploads\/2022\/12\/SEXTA-OLA.jpg\" class=\"attachment-medium size-medium\" alt=\"\" \/><\/a><\/p>\n"},"caption":{"rendered":"<p>De acuerdo con cifras de la Secretar\u00eda de Salud, el inicio de la sexta ola Covid en el pa\u00eds comenz\u00f3 a finales de noviembre, donde inici\u00f3 el aumento de contagios.<\/p>\n"},"alt_text":"","media_type":"image","mime_type":"image\/jpeg","media_details":{"width":460,"height":270,"file":"2022\/12\/SEXTA-OLA.jpg","filesize":64950,"sizes":{},"image_meta":{"aperture":"0","credit":"","camera":"","caption":"","created_timestamp":"0","copyright":"","focal_length":"0","iso":"0","shutter_speed":"0","title":"","orientation":"0","keywords":[]}},"post":568953,"source_url":"https:\/\/www.diarioimagen.net\/wp-content\/uploads\/2022\/12\/SEXTA-OLA.jpg","_links":{"self":[{"href":"https:\/\/www.diarioimagen.net\/index.php?rest_route=\/wp\/v2\/media\/569023","targetHints":{"allow":["GET"]}}],"collection":[{"href":"https:\/\/www.diarioimagen.net\/index.php?rest_route=\/wp\/v2\/media"}],"about":[{"href":"https:\/\/www.diarioimagen.net\/index.php?rest_route=\/wp\/v2\/types\/attachment"}],"author":[{"embeddable":true,"href":"https:\/\/www.diarioimagen.net\/index.php?rest_route=\/wp\/v2\/users\/3"}],"replies":[{"embeddable":true,"href":"https:\/\/www.diarioimagen.net\/index.php?rest_route=%2Fwp%2Fv2%2Fcomments&post=569023"}]}}

<p>De acuerdo con cifras de la Secretaría de Salud, el inicio de la sexta ola Covid en el país comenzó a finales de noviembre, donde inició el aumento de contagios.</p>
