{"id":569303,"date":"2022-12-16T03:33:32","date_gmt":"2022-12-16T09:33:32","guid":{"rendered":"https:\/\/www.diarioimagen.net\/wp-content\/uploads\/2022\/12\/uaem-anuncia-cebd.jpg"},"modified":"2022-12-16T03:33:36","modified_gmt":"2022-12-16T09:33:36","slug":"uaem-anuncia-cebd","status":"inherit","type":"attachment","link":"https:\/\/www.diarioimagen.net\/?attachment_id=569303","title":{"rendered":"uaem-anuncia-cebd"},"author":3,"featured_media":0,"comment_status":"open","ping_status":"closed","template":"","meta":{"_monsterinsights_skip_tracking":false,"_monsterinsights_sitenote_active":false,"_monsterinsights_sitenote_note":"","_monsterinsights_sitenote_category":0},"class_list":["post-569303","attachment","type-attachment","status-inherit","hentry"],"description":{"rendered":"<p class=\"attachment\"><a href='https:\/\/www.diarioimagen.net\/wp-content\/uploads\/2022\/12\/uaem-anuncia-cebd.jpg'><img loading=\"lazy\" decoding=\"async\" width=\"240\" height=\"141\" src=\"https:\/\/www.diarioimagen.net\/wp-content\/uploads\/2022\/12\/uaem-anuncia-cebd.jpg\" class=\"attachment-medium size-medium\" alt=\"\" \/><\/a><\/p>\n"},"caption":{"rendered":"<p>El rector Barrera D\u00edaz encabez\u00f3 el primer informe anual de actividades del director de la Facultad de Arquitectura y Dise\u00f1o, Xavier Gayt\u00e1n Zepeda.<\/p>\n"},"alt_text":"","media_type":"image","mime_type":"image\/jpeg","media_details":{"width":460,"height":270,"file":"2022\/12\/uaem-anuncia-cebd.jpg","filesize":64713,"sizes":{},"image_meta":{"aperture":"0","credit":"","camera":"","caption":"","created_timestamp":"0","copyright":"","focal_length":"0","iso":"0","shutter_speed":"0","title":"","orientation":"0","keywords":[]}},"post":569213,"source_url":"https:\/\/www.diarioimagen.net\/wp-content\/uploads\/2022\/12\/uaem-anuncia-cebd.jpg","_links":{"self":[{"href":"https:\/\/www.diarioimagen.net\/index.php?rest_route=\/wp\/v2\/media\/569303","targetHints":{"allow":["GET"]}}],"collection":[{"href":"https:\/\/www.diarioimagen.net\/index.php?rest_route=\/wp\/v2\/media"}],"about":[{"href":"https:\/\/www.diarioimagen.net\/index.php?rest_route=\/wp\/v2\/types\/attachment"}],"author":[{"embeddable":true,"href":"https:\/\/www.diarioimagen.net\/index.php?rest_route=\/wp\/v2\/users\/3"}],"replies":[{"embeddable":true,"href":"https:\/\/www.diarioimagen.net\/index.php?rest_route=%2Fwp%2Fv2%2Fcomments&post=569303"}]}}

<p>El rector Barrera Díaz encabezó el primer informe anual de actividades del director de la Facultad de Arquitectura y Diseño, Xavier Gaytán Zepeda.</p>
