{"id":569312,"date":"2022-12-16T03:36:48","date_gmt":"2022-12-16T09:36:48","guid":{"rendered":"https:\/\/www.diarioimagen.net\/wp-content\/uploads\/2022\/12\/INFLACION-POR-MINISALARIOS.jpg"},"modified":"2022-12-16T03:36:52","modified_gmt":"2022-12-16T09:36:52","slug":"inflacion-por-minisalarios","status":"inherit","type":"attachment","link":"https:\/\/www.diarioimagen.net\/?attachment_id=569312","title":{"rendered":"INFLACION-POR-MINISALARIOS"},"author":3,"featured_media":0,"comment_status":"open","ping_status":"closed","template":"","meta":{"_monsterinsights_skip_tracking":false,"_monsterinsights_sitenote_active":false,"_monsterinsights_sitenote_note":"","_monsterinsights_sitenote_category":0},"class_list":["post-569312","attachment","type-attachment","status-inherit","hentry"],"description":{"rendered":"<p class=\"attachment\"><a href='https:\/\/www.diarioimagen.net\/wp-content\/uploads\/2022\/12\/INFLACION-POR-MINISALARIOS.jpg'><img loading=\"lazy\" decoding=\"async\" width=\"240\" height=\"141\" src=\"https:\/\/www.diarioimagen.net\/wp-content\/uploads\/2022\/12\/INFLACION-POR-MINISALARIOS.jpg\" class=\"attachment-medium size-medium\" alt=\"\" \/><\/a><\/p>\n"},"caption":{"rendered":"<p>M\u00e9xico podr\u00eda entrar en una espiral inflacionaria desbocada por el alza al salario m\u00ednimo a partir del 1 de enero de 2023, advirti\u00f3 el Instituto Mexicano de Contadores P\u00fablicos.<\/p>\n"},"alt_text":"","media_type":"image","mime_type":"image\/jpeg","media_details":{"width":460,"height":270,"file":"2022\/12\/INFLACION-POR-MINISALARIOS.jpg","filesize":49872,"sizes":{},"image_meta":{"aperture":"0","credit":"","camera":"","caption":"","created_timestamp":"0","copyright":"","focal_length":"0","iso":"0","shutter_speed":"0","title":"","orientation":"0","keywords":[]}},"post":569222,"source_url":"https:\/\/www.diarioimagen.net\/wp-content\/uploads\/2022\/12\/INFLACION-POR-MINISALARIOS.jpg","_links":{"self":[{"href":"https:\/\/www.diarioimagen.net\/index.php?rest_route=\/wp\/v2\/media\/569312","targetHints":{"allow":["GET"]}}],"collection":[{"href":"https:\/\/www.diarioimagen.net\/index.php?rest_route=\/wp\/v2\/media"}],"about":[{"href":"https:\/\/www.diarioimagen.net\/index.php?rest_route=\/wp\/v2\/types\/attachment"}],"author":[{"embeddable":true,"href":"https:\/\/www.diarioimagen.net\/index.php?rest_route=\/wp\/v2\/users\/3"}],"replies":[{"embeddable":true,"href":"https:\/\/www.diarioimagen.net\/index.php?rest_route=%2Fwp%2Fv2%2Fcomments&post=569312"}]}}

<p>México podría entrar en una espiral inflacionaria desbocada por el alza al salario mínimo a partir del 1 de enero de 2023, advirtió el Instituto Mexicano de Contadores Públicos.</p>
