{"id":569556,"date":"2022-12-20T02:40:33","date_gmt":"2022-12-20T08:40:33","guid":{"rendered":"https:\/\/www.diarioimagen.net\/wp-content\/uploads\/2022\/12\/uaem-licenciatura.jpg"},"modified":"2022-12-20T02:40:38","modified_gmt":"2022-12-20T08:40:38","slug":"uaem-licenciatura","status":"inherit","type":"attachment","link":"https:\/\/www.diarioimagen.net\/?attachment_id=569556","title":{"rendered":"uaem-licenciatura"},"author":3,"featured_media":0,"comment_status":"open","ping_status":"closed","template":"","meta":{"_monsterinsights_skip_tracking":false,"_monsterinsights_sitenote_active":false,"_monsterinsights_sitenote_note":"","_monsterinsights_sitenote_category":0},"class_list":["post-569556","attachment","type-attachment","status-inherit","hentry"],"description":{"rendered":"<p class=\"attachment\"><a href='https:\/\/www.diarioimagen.net\/wp-content\/uploads\/2022\/12\/uaem-licenciatura.jpg'><img loading=\"lazy\" decoding=\"async\" width=\"240\" height=\"141\" src=\"https:\/\/www.diarioimagen.net\/wp-content\/uploads\/2022\/12\/uaem-licenciatura.jpg\" class=\"attachment-medium size-medium\" alt=\"\" \/><\/a><\/p>\n"},"caption":{"rendered":"<p>En conjunto con el Consejo Mexiquense de Ciencia y Tecnolog\u00eda (COMECyT) se crear\u00e1 el Laboratorio Estatal de Pol\u00edticas P\u00fablicas para el Desarrollo Sostenible.<\/p>\n"},"alt_text":"","media_type":"image","mime_type":"image\/jpeg","media_details":{"width":460,"height":270,"file":"2022\/12\/uaem-licenciatura.jpg","filesize":77260,"sizes":{},"image_meta":{"aperture":"0","credit":"","camera":"","caption":"","created_timestamp":"0","copyright":"","focal_length":"0","iso":"0","shutter_speed":"0","title":"","orientation":"0","keywords":[]}},"post":569512,"source_url":"https:\/\/www.diarioimagen.net\/wp-content\/uploads\/2022\/12\/uaem-licenciatura.jpg","_links":{"self":[{"href":"https:\/\/www.diarioimagen.net\/index.php?rest_route=\/wp\/v2\/media\/569556","targetHints":{"allow":["GET"]}}],"collection":[{"href":"https:\/\/www.diarioimagen.net\/index.php?rest_route=\/wp\/v2\/media"}],"about":[{"href":"https:\/\/www.diarioimagen.net\/index.php?rest_route=\/wp\/v2\/types\/attachment"}],"author":[{"embeddable":true,"href":"https:\/\/www.diarioimagen.net\/index.php?rest_route=\/wp\/v2\/users\/3"}],"replies":[{"embeddable":true,"href":"https:\/\/www.diarioimagen.net\/index.php?rest_route=%2Fwp%2Fv2%2Fcomments&post=569556"}]}}

<p>En conjunto con el Consejo Mexiquense de Ciencia y Tecnología (COMECyT) se creará el Laboratorio Estatal de Políticas Públicas para el Desarrollo Sostenible.</p>
