{"id":569588,"date":"2022-12-20T02:57:11","date_gmt":"2022-12-20T08:57:11","guid":{"rendered":"https:\/\/www.diarioimagen.net\/wp-content\/uploads\/2022\/12\/alegria-y-baile.jpg"},"modified":"2022-12-20T02:57:18","modified_gmt":"2022-12-20T08:57:18","slug":"alegria-y-baile","status":"inherit","type":"attachment","link":"https:\/\/www.diarioimagen.net\/?attachment_id=569588","title":{"rendered":"alegria-y-baile"},"author":3,"featured_media":0,"comment_status":"open","ping_status":"closed","template":"","meta":{"_monsterinsights_skip_tracking":false,"_monsterinsights_sitenote_active":false,"_monsterinsights_sitenote_note":"","_monsterinsights_sitenote_category":0},"class_list":["post-569588","attachment","type-attachment","status-inherit","hentry"],"description":{"rendered":"<p class=\"attachment\"><a href='https:\/\/www.diarioimagen.net\/wp-content\/uploads\/2022\/12\/alegria-y-baile.jpg'><img loading=\"lazy\" decoding=\"async\" width=\"240\" height=\"141\" src=\"https:\/\/www.diarioimagen.net\/wp-content\/uploads\/2022\/12\/alegria-y-baile.jpg\" class=\"attachment-medium size-medium\" alt=\"\" \/><\/a><\/p>\n"},"caption":{"rendered":"<p>Concierto de Navidad ofreci\u00f3 la Orquesta Sinf\u00f3nica del Estado de M\u00e9xico (OSEM) en el Foro Felipe Villanueva del Parque Naucalli.<\/p>\n"},"alt_text":"","media_type":"image","mime_type":"image\/jpeg","media_details":{"width":460,"height":270,"file":"2022\/12\/alegria-y-baile.jpg","filesize":84780,"sizes":{},"image_meta":{"aperture":"0","credit":"","camera":"","caption":"","created_timestamp":"0","copyright":"","focal_length":"0","iso":"0","shutter_speed":"0","title":"","orientation":"0","keywords":[]}},"post":569501,"source_url":"https:\/\/www.diarioimagen.net\/wp-content\/uploads\/2022\/12\/alegria-y-baile.jpg","_links":{"self":[{"href":"https:\/\/www.diarioimagen.net\/index.php?rest_route=\/wp\/v2\/media\/569588","targetHints":{"allow":["GET"]}}],"collection":[{"href":"https:\/\/www.diarioimagen.net\/index.php?rest_route=\/wp\/v2\/media"}],"about":[{"href":"https:\/\/www.diarioimagen.net\/index.php?rest_route=\/wp\/v2\/types\/attachment"}],"author":[{"embeddable":true,"href":"https:\/\/www.diarioimagen.net\/index.php?rest_route=\/wp\/v2\/users\/3"}],"replies":[{"embeddable":true,"href":"https:\/\/www.diarioimagen.net\/index.php?rest_route=%2Fwp%2Fv2%2Fcomments&post=569588"}]}}

<p>Concierto de Navidad ofreció la Orquesta Sinfónica del Estado de México (OSEM) en el Foro Felipe Villanueva del Parque Naucalli.</p>
