{"id":569592,"date":"2022-12-20T02:58:37","date_gmt":"2022-12-20T08:58:37","guid":{"rendered":"https:\/\/www.diarioimagen.net\/wp-content\/uploads\/2022\/12\/METRO-LINEA-12.jpg"},"modified":"2022-12-20T02:58:44","modified_gmt":"2022-12-20T08:58:44","slug":"metro-linea-12","status":"inherit","type":"attachment","link":"https:\/\/www.diarioimagen.net\/?attachment_id=569592","title":{"rendered":"METRO-LINEA-12"},"author":3,"featured_media":0,"comment_status":"open","ping_status":"closed","template":"","meta":{"_monsterinsights_skip_tracking":false,"_monsterinsights_sitenote_active":false,"_monsterinsights_sitenote_note":"","_monsterinsights_sitenote_category":0},"class_list":["post-569592","attachment","type-attachment","status-inherit","hentry"],"description":{"rendered":"<p class=\"attachment\"><a href='https:\/\/www.diarioimagen.net\/wp-content\/uploads\/2022\/12\/METRO-LINEA-12.jpg'><img loading=\"lazy\" decoding=\"async\" width=\"240\" height=\"141\" src=\"https:\/\/www.diarioimagen.net\/wp-content\/uploads\/2022\/12\/METRO-LINEA-12.jpg\" class=\"attachment-medium size-medium\" alt=\"\" \/><\/a><\/p>\n"},"caption":{"rendered":"<p>La L\u00ednea 12 del Metro, en su parte subterr\u00e1nea, reabrir\u00e1 este 15 de enero, anunciaron autoridades capitalinas,\u00a0\u00a0a un a\u00f1o y siete meses del colapso en una parte del tramo elevado.<\/p>\n"},"alt_text":"","media_type":"image","mime_type":"image\/jpeg","media_details":{"width":460,"height":270,"file":"2022\/12\/METRO-LINEA-12.jpg","filesize":70301,"sizes":{},"image_meta":{"aperture":"0","credit":"","camera":"","caption":"","created_timestamp":"0","copyright":"","focal_length":"0","iso":"0","shutter_speed":"0","title":"","orientation":"0","keywords":[]}},"post":569497,"source_url":"https:\/\/www.diarioimagen.net\/wp-content\/uploads\/2022\/12\/METRO-LINEA-12.jpg","_links":{"self":[{"href":"https:\/\/www.diarioimagen.net\/index.php?rest_route=\/wp\/v2\/media\/569592","targetHints":{"allow":["GET"]}}],"collection":[{"href":"https:\/\/www.diarioimagen.net\/index.php?rest_route=\/wp\/v2\/media"}],"about":[{"href":"https:\/\/www.diarioimagen.net\/index.php?rest_route=\/wp\/v2\/types\/attachment"}],"author":[{"embeddable":true,"href":"https:\/\/www.diarioimagen.net\/index.php?rest_route=\/wp\/v2\/users\/3"}],"replies":[{"embeddable":true,"href":"https:\/\/www.diarioimagen.net\/index.php?rest_route=%2Fwp%2Fv2%2Fcomments&post=569592"}]}}

<p>La Línea 12 del Metro, en su parte subterránea, reabrirá este 15 de enero, anunciaron autoridades capitalinas,  a un año y siete meses del colapso en una parte del tramo elevado.</p>
