{"id":569790,"date":"2022-12-22T02:28:35","date_gmt":"2022-12-22T08:28:35","guid":{"rendered":"https:\/\/www.diarioimagen.net\/wp-content\/uploads\/2022\/12\/uaem-orquesta.jpg"},"modified":"2022-12-22T02:28:48","modified_gmt":"2022-12-22T08:28:48","slug":"uaem-orquesta","status":"inherit","type":"attachment","link":"https:\/\/www.diarioimagen.net\/?attachment_id=569790","title":{"rendered":"uaem-orquesta"},"author":3,"featured_media":0,"comment_status":"open","ping_status":"closed","template":"","meta":{"_monsterinsights_skip_tracking":false,"_monsterinsights_sitenote_active":false,"_monsterinsights_sitenote_note":"","_monsterinsights_sitenote_category":0},"class_list":["post-569790","attachment","type-attachment","status-inherit","hentry"],"description":{"rendered":"<p class=\"attachment\"><a href='https:\/\/www.diarioimagen.net\/wp-content\/uploads\/2022\/12\/uaem-orquesta.jpg'><img loading=\"lazy\" decoding=\"async\" width=\"240\" height=\"141\" src=\"https:\/\/www.diarioimagen.net\/wp-content\/uploads\/2022\/12\/uaem-orquesta.jpg\" class=\"attachment-medium size-medium\" alt=\"\" \/><\/a><\/p>\n"},"caption":{"rendered":"<p>Bajo la direcci\u00f3n de Hilda Saquicoray \u00c1vila, la OSJUAEM\u00e9x interpret\u00f3 piezas musicales de compositores como Arturo Marqu\u00e9z Navarro, Carlos Chav\u00e9z y Gina Enriquez, as\u00ed como canciones navide\u00f1as, para dar paso a las celebraciones decembrinas.<\/p>\n"},"alt_text":"","media_type":"image","mime_type":"image\/jpeg","media_details":{"width":460,"height":270,"file":"2022\/12\/uaem-orquesta.jpg","filesize":104308,"sizes":{},"image_meta":{"aperture":"0","credit":"","camera":"","caption":"","created_timestamp":"0","copyright":"","focal_length":"0","iso":"0","shutter_speed":"0","title":"","orientation":"0","keywords":[]}},"post":569732,"source_url":"https:\/\/www.diarioimagen.net\/wp-content\/uploads\/2022\/12\/uaem-orquesta.jpg","_links":{"self":[{"href":"https:\/\/www.diarioimagen.net\/index.php?rest_route=\/wp\/v2\/media\/569790","targetHints":{"allow":["GET"]}}],"collection":[{"href":"https:\/\/www.diarioimagen.net\/index.php?rest_route=\/wp\/v2\/media"}],"about":[{"href":"https:\/\/www.diarioimagen.net\/index.php?rest_route=\/wp\/v2\/types\/attachment"}],"author":[{"embeddable":true,"href":"https:\/\/www.diarioimagen.net\/index.php?rest_route=\/wp\/v2\/users\/3"}],"replies":[{"embeddable":true,"href":"https:\/\/www.diarioimagen.net\/index.php?rest_route=%2Fwp%2Fv2%2Fcomments&post=569790"}]}}

<p>Bajo la dirección de Hilda Saquicoray Ávila, la OSJUAEMéx interpretó piezas musicales de compositores como Arturo Marquéz Navarro, Carlos Chavéz y Gina Enriquez, así como canciones navideñas, para dar paso a las celebraciones decembrinas.</p>
